{"id":849,"date":"2014-01-20T15:05:33","date_gmt":"2014-01-20T15:05:33","guid":{"rendered":"http:\/\/www.anartchy.com\/urbanscript\/?page_id=849"},"modified":"2014-01-20T15:05:33","modified_gmt":"2014-01-20T15:05:33","slug":"wandmalgruppe-duesseldorf","status":"publish","type":"page","link":"https:\/\/www.anartchy.com\/urbanscript\/2011-2\/lak-aan-braak\/wandmalgruppe-duesseldorf\/","title":{"rendered":"Wandmalgruppe D\u00fcsseldorf"},"content":{"rendered":"<p><em> Bild von <a href=\"http:\/\/www.farbfieber.de\/UNIQ139022578229642\/doc284A.html\" target=\"_blank\">Klaus Klinger<\/a> &amp; Pressetext von R.Kaltenh\u00e4user<\/em><br \/>\n\u201eDie Au\u00dfenwelt ist ein attraktiver Markt, und da hat jeder Zugang, der gen\u00fcgend Geld mitbringt. Seit Jahren tauchen aber auch andere Bilder an Hausw\u00e4nden auf. Aus der befreienden Inbesitznahme des \u00f6ffentlichen Betons erw\u00e4chst eine Kultur \u00f6ffentlicher Bilder, die etwas v\u00f6llig anderes im Sinn hat als sonstige \u00f6ffentliche Kunst. Die &#8218;Schmierereien&#8216;, die die Besitzenden als Anschlag auf die Autorit\u00e4t des Privateigentums begreifen, haben in der Tat hartn\u00e4ckigere Folgen als sie mit einem kr\u00e4ftigen Reinigungsmittel zu beseitigen w\u00e4ren.\u201c<br \/>\n(Wandmalgruppe D\u00fcsseldorf, 1984)<\/p>\n<p>Die Kunststudenten Klaus Klinger und Willi \u00d6sterling wohnen 1977 in heruntergekommenen H\u00e4usern an der Grafenberger Allee 286-308 in D\u00fcsseldorf. Die Wohnungsbaugesellschaft \u201eNeue Heimat\u201c, will den preiswerten Wohnraum abrei\u00dfen, um neue Wohnkomplexe an diese Stelle zu setzen. Zusammen mit anderen K\u00fcnstlern, zun\u00e4chst Thomas Giese und Gert Trostmann, besetzen sie die H\u00e4user und beginnen, die Aussenfassaden ungenehmigt k\u00fcnstlerisch zu bearbeiten. Daraus entwickelt sich die &#8218;Wandmalgruppe D\u00fcsseldorf &#8218;, die in der Folgezeit mit provokativen Wandmalereien Furore macht.<br \/>\nTreffsicher bearbeiten sie kontroverse Themen der Zeit, meist kontr\u00e4r zum propagandistischen Konsens von Mainstream-Medien und politischer Machtelite. Sei es die Komplizenschaft deutscher Politiker (F.J. Strauss, CSU) mit dem chilenischen Pinochet-Regime, der Ausbau des \u00dcberwachungs- und Polizeistaats, oder die Wohnraumspekulation von der sie selbst betroffen sind \u2013 oft finden sie ein treffendes Bild. Die Gruppe macht sich damit nicht bei allen beliebt, insbesondere Wirtschaftslobby und rechtskonservative Politiker sowie die diesen nahestehende Presse bem\u00fchen sich mehr als einmal um eine Zensur ihrer Kunst.<\/p>\n<p>Gr\u00fcndungsmitglied Klaus Klinger zeichnet f\u00fcr ein heutiges Publikum die Geschichte der Wandmalgruppe D\u00fcsseldorf, ihrer Kunst und ihrer K\u00e4mpfe nach.<\/p>\n<p>start 19 Uhr<\/p>\n","protected":false},"excerpt":{"rendered":"<p>Bild von Klaus Klinger &amp; Pressetext von R.Kaltenh\u00e4user \u201eDie Au\u00dfenwelt ist ein attraktiver Markt, und da hat jeder Zugang, der &hellip; <\/p>\n","protected":false},"author":2,"featured_media":0,"parent":794,"menu_order":0,"comment_status":"open","ping_status":"open","template":"","meta":{"_acf_changed":false,"footnotes":""},"categories":[5],"class_list":["post-849","page","type-page","status-publish","hentry","category-vortraege"],"acf":[],"_links":{"self":[{"href":"https:\/\/www.anartchy.com\/urbanscript\/wp-json\/wp\/v2\/pages\/849","targetHints":{"allow":["GET"]}}],"collection":[{"href":"https:\/\/www.anartchy.com\/urbanscript\/wp-json\/wp\/v2\/pages"}],"about":[{"href":"https:\/\/www.anartchy.com\/urbanscript\/wp-json\/wp\/v2\/types\/page"}],"author":[{"embeddable":true,"href":"https:\/\/www.anartchy.com\/urbanscript\/wp-json\/wp\/v2\/users\/2"}],"replies":[{"embeddable":true,"href":"https:\/\/www.anartchy.com\/urbanscript\/wp-json\/wp\/v2\/comments?post=849"}],"version-history":[{"count":4,"href":"https:\/\/www.anartchy.com\/urbanscript\/wp-json\/wp\/v2\/pages\/849\/revisions"}],"predecessor-version":[{"id":921,"href":"https:\/\/www.anartchy.com\/urbanscript\/wp-json\/wp\/v2\/pages\/849\/revisions\/921"}],"up":[{"embeddable":true,"href":"https:\/\/www.anartchy.com\/urbanscript\/wp-json\/wp\/v2\/pages\/794"}],"wp:attachment":[{"href":"https:\/\/www.anartchy.com\/urbanscript\/wp-json\/wp\/v2\/media?parent=849"}],"wp:term":[{"taxonomy":"category","embeddable":true,"href":"https:\/\/www.anartchy.com\/urbanscript\/wp-json\/wp\/v2\/categories?post=849"}],"curies":[{"name":"wp","href":"https:\/\/api.w.org\/{rel}","templated":true}]}}