{"id":756,"date":"2014-01-18T17:23:56","date_gmt":"2014-01-18T17:23:56","guid":{"rendered":"http:\/\/www.anartchy.com\/urbanscript\/?page_id=756"},"modified":"2014-01-31T20:12:01","modified_gmt":"2014-01-31T20:12:01","slug":"writing-graffiti-videos","status":"publish","type":"page","link":"https:\/\/www.anartchy.com\/urbanscript\/2006-2\/urban-script-2006\/writing-graffiti-videos\/","title":{"rendered":"Writing &#038; Graffiti-Videos"},"content":{"rendered":"<p>Seit Beginn der Writingbewegung in New York kam es zu zahlreichen Dokumentationen dieser Aktivit\u00e4ten.So geh\u00f6rt die Dokumentation &#8222;Stylewars&#8220; aus den Achtzigern heute zu den Klassikern der Graffitivideos. Seit Mitte der Neunziger entstanden auch in Europa zahlreiche Videodokumentationen. Einige dieser Dokumentationen gerieten in Vergessenheit, andere gelten bis heute als bahnbrechend.<\/p>\n<p>Der Videoabend &#8222;Writing\/Graffiti -Videos&#8220; m\u00f6chte einen \u00dcberblick \u00fcber die Vielzahl von Videos zu diesem Thema schaffen.<\/p>\n","protected":false},"excerpt":{"rendered":"<p>Seit Beginn der Writingbewegung in New York kam es zu zahlreichen Dokumentationen dieser Aktivit\u00e4ten.So geh\u00f6rt die Dokumentation &#8222;Stylewars&#8220; aus den &hellip; <\/p>\n","protected":false},"author":2,"featured_media":0,"parent":744,"menu_order":0,"comment_status":"open","ping_status":"open","template":"","meta":{"_acf_changed":false,"footnotes":""},"categories":[5],"class_list":["post-756","page","type-page","status-publish","hentry","category-vortraege"],"acf":[],"_links":{"self":[{"href":"https:\/\/www.anartchy.com\/urbanscript\/wp-json\/wp\/v2\/pages\/756","targetHints":{"allow":["GET"]}}],"collection":[{"href":"https:\/\/www.anartchy.com\/urbanscript\/wp-json\/wp\/v2\/pages"}],"about":[{"href":"https:\/\/www.anartchy.com\/urbanscript\/wp-json\/wp\/v2\/types\/page"}],"author":[{"embeddable":true,"href":"https:\/\/www.anartchy.com\/urbanscript\/wp-json\/wp\/v2\/users\/2"}],"replies":[{"embeddable":true,"href":"https:\/\/www.anartchy.com\/urbanscript\/wp-json\/wp\/v2\/comments?post=756"}],"version-history":[{"count":2,"href":"https:\/\/www.anartchy.com\/urbanscript\/wp-json\/wp\/v2\/pages\/756\/revisions"}],"predecessor-version":[{"id":764,"href":"https:\/\/www.anartchy.com\/urbanscript\/wp-json\/wp\/v2\/pages\/756\/revisions\/764"}],"up":[{"embeddable":true,"href":"https:\/\/www.anartchy.com\/urbanscript\/wp-json\/wp\/v2\/pages\/744"}],"wp:attachment":[{"href":"https:\/\/www.anartchy.com\/urbanscript\/wp-json\/wp\/v2\/media?parent=756"}],"wp:term":[{"taxonomy":"category","embeddable":true,"href":"https:\/\/www.anartchy.com\/urbanscript\/wp-json\/wp\/v2\/categories?post=756"}],"curies":[{"name":"wp","href":"https:\/\/api.w.org\/{rel}","templated":true}]}}