{"id":712,"date":"2014-01-18T12:52:23","date_gmt":"2014-01-18T12:52:23","guid":{"rendered":"http:\/\/www.anartchy.com\/urbanscript\/?page_id=712"},"modified":"2014-01-27T16:38:19","modified_gmt":"2014-01-27T16:38:19","slug":"low-budget-workshop","status":"publish","type":"page","link":"https:\/\/www.anartchy.com\/urbanscript\/2008-2\/urban-script-continous\/low-budget-workshop\/","title":{"rendered":"low budget workshop"},"content":{"rendered":"<p>Sowohl Street Art Interessierte, die sich einmal ausprobieren wollen, als auch aktive Strassenk\u00fcnstler k\u00f6nnen sich beteiligen- der Workshop ist offen f\u00fcr alle . Vermittelt werden soll vor allem wie man Sticker und Plakate mit einem &#8222;nahezu &#8211; 0\u20ac &#8211; Budget&#8220; herstellen kann. Materialien wie Sticker und Papier werden vorhanden sein. Dosen,Marker,Cutter gibts zum Einkaufspreis. Ihr k\u00f6nnt nat\u00fcrlich ebenso eigene Materialien mitbringen.<br \/>\nMotive die Ihr schon immer mal als Spr\u00fchschablonen haben wolltet k\u00f6nnen gern mitgebracht werden<\/p>\n<p>start 21.00<\/p>\n","protected":false},"excerpt":{"rendered":"<p>Sowohl Street Art Interessierte, die sich einmal ausprobieren wollen, als auch aktive Strassenk\u00fcnstler k\u00f6nnen sich beteiligen- der Workshop ist offen &hellip; <\/p>\n","protected":false},"author":2,"featured_media":0,"parent":951,"menu_order":0,"comment_status":"open","ping_status":"open","template":"","meta":{"_acf_changed":false,"footnotes":""},"categories":[8],"class_list":["post-712","page","type-page","status-publish","hentry","category-kurse"],"acf":[],"_links":{"self":[{"href":"https:\/\/www.anartchy.com\/urbanscript\/wp-json\/wp\/v2\/pages\/712","targetHints":{"allow":["GET"]}}],"collection":[{"href":"https:\/\/www.anartchy.com\/urbanscript\/wp-json\/wp\/v2\/pages"}],"about":[{"href":"https:\/\/www.anartchy.com\/urbanscript\/wp-json\/wp\/v2\/types\/page"}],"author":[{"embeddable":true,"href":"https:\/\/www.anartchy.com\/urbanscript\/wp-json\/wp\/v2\/users\/2"}],"replies":[{"embeddable":true,"href":"https:\/\/www.anartchy.com\/urbanscript\/wp-json\/wp\/v2\/comments?post=712"}],"version-history":[{"count":4,"href":"https:\/\/www.anartchy.com\/urbanscript\/wp-json\/wp\/v2\/pages\/712\/revisions"}],"predecessor-version":[{"id":726,"href":"https:\/\/www.anartchy.com\/urbanscript\/wp-json\/wp\/v2\/pages\/712\/revisions\/726"}],"up":[{"embeddable":true,"href":"https:\/\/www.anartchy.com\/urbanscript\/wp-json\/wp\/v2\/pages\/951"}],"wp:attachment":[{"href":"https:\/\/www.anartchy.com\/urbanscript\/wp-json\/wp\/v2\/media?parent=712"}],"wp:term":[{"taxonomy":"category","embeddable":true,"href":"https:\/\/www.anartchy.com\/urbanscript\/wp-json\/wp\/v2\/categories?post=712"}],"curies":[{"name":"wp","href":"https:\/\/api.w.org\/{rel}","templated":true}]}}