{"id":700,"date":"2014-01-18T13:05:40","date_gmt":"2014-01-18T13:05:40","guid":{"rendered":"http:\/\/www.anartchy.com\/urbanscript\/?page_id=700"},"modified":"2014-01-27T16:37:20","modified_gmt":"2014-01-27T16:37:20","slug":"streetart-in-dresden-von-jens-besser-dresden","status":"publish","type":"page","link":"https:\/\/www.anartchy.com\/urbanscript\/2008-2\/urban-script-continous\/streetart-in-dresden-von-jens-besser-dresden\/","title":{"rendered":"StreetArt in Dresden"},"content":{"rendered":"<p>von Jens Besser in Dresden und Berlin<\/p>\n<p>Schon zu Vorwendezeiten entstanden erste Graffitis in Dresden. Nach 1989 vermehrten sich die Buchstaben auf der Strasse , doch auch erste Street Art entstand &#8211; Die Gruppe NURR schablonierte und zeichnete in den Strassen der Neustadt. Erst 2000 sollten weiter umfangreiche Interventionen folgen &#8211; die Gruppe &#8222;Ol\u00e9&#8220;, in den Strassen der Neustadt, &#8222;Shlomo&#8220; , auf den dresdener Nahverkerhsmitteln. Besondere Medienaufmerksamkeit wurde der Street art zuteil als um 2004 die Plakat und Malausw\u00fcchse die Menschen regelrecht \u00fcbersch\u00fctteten.<br \/>\nSeitdem geh\u00f6rt Street art zum festen Bestandteil der Elbestadt.<br \/>\nUmfangreiches Bildmaterial wird den Vortrag abrunden um einen Einblick in die Street Art Aktivit\u00e4ten der Elbstadt zu geben.<\/p>\n<p>Start &#8211; 19.00 Uhr<\/p>\n","protected":false},"excerpt":{"rendered":"<p>Schon zu Vorwendezeiten entstanden erste Graffitis in Dresden. Nach 1989 vermehrten sich die Buchstaben auf der Strasse , doch auch &hellip; <\/p>\n","protected":false},"author":2,"featured_media":0,"parent":951,"menu_order":0,"comment_status":"open","ping_status":"open","template":"","meta":{"_acf_changed":false,"footnotes":""},"categories":[5],"class_list":["post-700","page","type-page","status-publish","hentry","category-vortraege"],"acf":[],"_links":{"self":[{"href":"https:\/\/www.anartchy.com\/urbanscript\/wp-json\/wp\/v2\/pages\/700","targetHints":{"allow":["GET"]}}],"collection":[{"href":"https:\/\/www.anartchy.com\/urbanscript\/wp-json\/wp\/v2\/pages"}],"about":[{"href":"https:\/\/www.anartchy.com\/urbanscript\/wp-json\/wp\/v2\/types\/page"}],"author":[{"embeddable":true,"href":"https:\/\/www.anartchy.com\/urbanscript\/wp-json\/wp\/v2\/users\/2"}],"replies":[{"embeddable":true,"href":"https:\/\/www.anartchy.com\/urbanscript\/wp-json\/wp\/v2\/comments?post=700"}],"version-history":[{"count":6,"href":"https:\/\/www.anartchy.com\/urbanscript\/wp-json\/wp\/v2\/pages\/700\/revisions"}],"predecessor-version":[{"id":740,"href":"https:\/\/www.anartchy.com\/urbanscript\/wp-json\/wp\/v2\/pages\/700\/revisions\/740"}],"up":[{"embeddable":true,"href":"https:\/\/www.anartchy.com\/urbanscript\/wp-json\/wp\/v2\/pages\/951"}],"wp:attachment":[{"href":"https:\/\/www.anartchy.com\/urbanscript\/wp-json\/wp\/v2\/media?parent=700"}],"wp:term":[{"taxonomy":"category","embeddable":true,"href":"https:\/\/www.anartchy.com\/urbanscript\/wp-json\/wp\/v2\/categories?post=700"}],"curies":[{"name":"wp","href":"https:\/\/api.w.org\/{rel}","templated":true}]}}