{"id":649,"date":"2014-01-17T18:56:22","date_gmt":"2014-01-17T18:56:22","guid":{"rendered":"http:\/\/www.anartchy.com\/urbanscript\/?page_id=649"},"modified":"2014-07-11T09:45:18","modified_gmt":"2014-07-11T09:45:18","slug":"reclaim-the-street-street-art-sommerferienkurs","status":"publish","type":"page","link":"https:\/\/www.anartchy.com\/urbanscript\/2014-2\/lackstreichekleber\/reclaim-the-street-street-art-sommerferienkurs\/","title":{"rendered":"&#8222;Reclaim the Street&#8220; Street-Art-Sommerferienkurs"},"content":{"rendered":"<p>Ob Stencil, Sticker oder Mural \u2014 wir machen die Stadt ein bisschen bunter. Street Art geh\u00f6rt l\u00e4ngst zum Gro\u00dfstadtbild und ihre K\u00fcnstler haben Galerien und Museen in Windeseile erobert. Aber wie funktioniert Street Art? Wie macht man ein fotorealistisches Schablonengraffiti ? Welche weiteren Techniken gibt es, eine \u00f6ffentliche Wand oder einen Platz zu gestalten? Und vor allem: Wie kann ich mich daran ohne Gefahren beteiligen?Neben den Grundlagen der Schablonentechnik, Hinweisen zu Spr\u00fch- undPinsel-<br \/>\ntechniken sowie jeder Menge Wissenswertem zur Wandbildbewegung (Muralismo) steht das eigene T\u00e4tigwerden und Experimentieren in diesem Kurs im Vordergrund. Wir fertigen eigene Schablonen an, die wir auf selbst hergestellte Sticker spr\u00fchen. Wir erstellen Skizzen, die wir dann als Experimentiergrundlage f\u00fcr ein Mural auf einer \u00f6ffentlichen Wand nutzen.<\/p>\n<p>Zeitraum: 4. 8. &#8211; 8. 8. 2014, Montag &#8211; Freitag, 10 &#8211; 17 Uhr<br \/>\nZielgruppe:16-18 Jahre<br \/>\nKosten:50 Euro<br \/>\nSonstiges:f\u00fcr Dresden-Pass-Inhaber kostenfrei (vorbehaltlich der F\u00f6rderung)<\/p>\n<p>Anmeldung \u00fcber <a title=\"Anmeldungsformular auf riesa-efau website\" href=\"http:\/\/riesa-efau.de\/kunst-erfahren\/anmeldung\/2014\/08\/04\/reclaim-the-street-1275\/\" target=\"_blank\">riesa-efau-website<\/a><\/p>\n","protected":false},"excerpt":{"rendered":"<p>Ob Stencil, Sticker oder Mural \u2014 wir machen die Stadt ein bisschen bunter. Street Art geh\u00f6rt l\u00e4ngst zum Gro\u00dfstadtbild und &hellip; <\/p>\n","protected":false},"author":2,"featured_media":0,"parent":1324,"menu_order":0,"comment_status":"open","ping_status":"open","template":"","meta":{"_acf_changed":false,"footnotes":""},"categories":[8],"class_list":["post-649","page","type-page","status-publish","hentry","category-kurse"],"acf":[],"_links":{"self":[{"href":"https:\/\/www.anartchy.com\/urbanscript\/wp-json\/wp\/v2\/pages\/649","targetHints":{"allow":["GET"]}}],"collection":[{"href":"https:\/\/www.anartchy.com\/urbanscript\/wp-json\/wp\/v2\/pages"}],"about":[{"href":"https:\/\/www.anartchy.com\/urbanscript\/wp-json\/wp\/v2\/types\/page"}],"author":[{"embeddable":true,"href":"https:\/\/www.anartchy.com\/urbanscript\/wp-json\/wp\/v2\/users\/2"}],"replies":[{"embeddable":true,"href":"https:\/\/www.anartchy.com\/urbanscript\/wp-json\/wp\/v2\/comments?post=649"}],"version-history":[{"count":2,"href":"https:\/\/www.anartchy.com\/urbanscript\/wp-json\/wp\/v2\/pages\/649\/revisions"}],"predecessor-version":[{"id":1331,"href":"https:\/\/www.anartchy.com\/urbanscript\/wp-json\/wp\/v2\/pages\/649\/revisions\/1331"}],"up":[{"embeddable":true,"href":"https:\/\/www.anartchy.com\/urbanscript\/wp-json\/wp\/v2\/pages\/1324"}],"wp:attachment":[{"href":"https:\/\/www.anartchy.com\/urbanscript\/wp-json\/wp\/v2\/media?parent=649"}],"wp:term":[{"taxonomy":"category","embeddable":true,"href":"https:\/\/www.anartchy.com\/urbanscript\/wp-json\/wp\/v2\/categories?post=649"}],"curies":[{"name":"wp","href":"https:\/\/api.w.org\/{rel}","templated":true}]}}