{"id":413,"date":"2012-10-08T12:37:23","date_gmt":"2012-10-08T12:37:23","guid":{"rendered":"http:\/\/www.anartchy.com\/urbanscript\/?page_id=413"},"modified":"2014-01-31T21:32:23","modified_gmt":"2014-01-31T21:32:23","slug":"vortrag-trainworks","status":"publish","type":"page","link":"https:\/\/www.anartchy.com\/urbanscript\/2012-2\/conceptual-vandalism\/vortrag-trainworks\/","title":{"rendered":"Vortrag &#8222;Trainworks&#8220;"},"content":{"rendered":"<p>Im Vortrag &#8222;Trainworks&#8220; stell <a href=\"http:\/\/javierabarca.es\/\">Javier Abarca<\/a>\u00a0eine Auswahl an Interventionen an Z\u00fcgen der letzten 10 Jahre vor. Interventionen die sich deutlich vom klassischen Graffiti auf Z\u00fcgen unterscheiden und neue Wege der Zugmalerei bestreiten. Dabei setzt er sich kritisch mit den illegal entstandenen Werken auseinander und hinterfragt das Geschaffene.<\/p>\n<p>Javier Abarca lehrt an der Universidad Complutense de Madrid im Bereich Bildende Kunst. Er ver\u00f6ffentlicht regelm\u00e4ssig Artikel \u00fcber Urban Art auf <a href=\"http:\/\/urbanario.es\/en\">Urbanario.es<\/a>. Im Rahmen seiner wissenschaftlichen T\u00e4tigkeit hielt er zahlreiche Vortr\u00e4ge zur Urban Art auf Symposien und Kongressen.<\/p>\n<p>Javier Abarca studierte Typography und Bildende Kunst in Madrid.<\/p>\n<p>Der Vortrag ist in englischer Sprache.<\/p>\n<p>&nbsp;<\/p>\n","protected":false},"excerpt":{"rendered":"<p>Vortrag von Javier Abarca ( Madrid ) in englischer Sprache zu Werken der Ausstellung. Am 12.12.2012 &#8211; Start &#8211; 20 &hellip; <\/p>\n","protected":false},"author":2,"featured_media":0,"parent":354,"menu_order":0,"comment_status":"open","ping_status":"open","template":"","meta":{"_acf_changed":false,"footnotes":""},"categories":[5],"class_list":["post-413","page","type-page","status-publish","hentry","category-vortraege"],"acf":[],"_links":{"self":[{"href":"https:\/\/www.anartchy.com\/urbanscript\/wp-json\/wp\/v2\/pages\/413","targetHints":{"allow":["GET"]}}],"collection":[{"href":"https:\/\/www.anartchy.com\/urbanscript\/wp-json\/wp\/v2\/pages"}],"about":[{"href":"https:\/\/www.anartchy.com\/urbanscript\/wp-json\/wp\/v2\/types\/page"}],"author":[{"embeddable":true,"href":"https:\/\/www.anartchy.com\/urbanscript\/wp-json\/wp\/v2\/users\/2"}],"replies":[{"embeddable":true,"href":"https:\/\/www.anartchy.com\/urbanscript\/wp-json\/wp\/v2\/comments?post=413"}],"version-history":[{"count":11,"href":"https:\/\/www.anartchy.com\/urbanscript\/wp-json\/wp\/v2\/pages\/413\/revisions"}],"predecessor-version":[{"id":1224,"href":"https:\/\/www.anartchy.com\/urbanscript\/wp-json\/wp\/v2\/pages\/413\/revisions\/1224"}],"up":[{"embeddable":true,"href":"https:\/\/www.anartchy.com\/urbanscript\/wp-json\/wp\/v2\/pages\/354"}],"wp:attachment":[{"href":"https:\/\/www.anartchy.com\/urbanscript\/wp-json\/wp\/v2\/media?parent=413"}],"wp:term":[{"taxonomy":"category","embeddable":true,"href":"https:\/\/www.anartchy.com\/urbanscript\/wp-json\/wp\/v2\/categories?post=413"}],"curies":[{"name":"wp","href":"https:\/\/api.w.org\/{rel}","templated":true}]}}