{"id":39,"date":"2012-04-03T18:01:50","date_gmt":"2012-04-03T18:01:50","guid":{"rendered":"http:\/\/www.anartchy.com\/urbanscript\/?page_id=39"},"modified":"2019-10-08T18:04:16","modified_gmt":"2019-10-08T18:04:16","slug":"akutell","status":"publish","type":"page","link":"https:\/\/www.anartchy.com\/urbanscript\/","title":{"rendered":"Aktuell"},"content":{"rendered":"<p>Seit 2006 wird die Serie urban script continues (kurz usc) von\u00a0<a href=\"http:\/\/jensbesser.blogspot.de\/\" target=\"_blank\" rel=\"noopener noreferrer\">Jens Besser<\/a>\u00a0organisiert. Sie entstand aus der Idee, kritisch \u00fcber den Street Art Hype um 2005 zu reflektieren.<\/p>\n<p>Bereits 2004 fand die erste Veranstaltung statt. Als Teil der Serie &#8222;Mediensalon&#8220; stellte Jens Besser zwei Street-Art-Videos vor. Im Zeitraum von 2006 bis 2008 wurden F\u00fchrungen, Vortr\u00e4ge und kleinere Ausstellungen unter dem Titel\u00a0<a href=\"https:\/\/www.anartchy.com\/urbanscript\/2008-2\/urban-script-continous\/\" target=\"_blank\" rel=\"noopener noreferrer\">urban script continous<\/a>\u00a0durchgef\u00fchrt. Mit der Ausstellung\u00a0<a href=\"https:\/\/www.anartchy.com\/urbanscript\/2009-2\/muralismo-morte\/\" target=\"_blank\" rel=\"noopener noreferrer\">muralismo morte<\/a>\u00a0(2009) wurde erstmals eine Sparte der Street Art beleuchtet &#8211; die Brachenmalerei. Die Ausstellung wurde \u00fcberregional umfangreich wahrgenommen. Jens Besser wurde vom Berliner Verlag \u201cFrom Here To Fame\u201d eingeladen\u00a0<a href=\"https:\/\/www.anartchy.com\/urbanscript\/2010-2\/muralismo-morte-the-rebirth-of-muralism-in-contemporary-urban-art\/\" target=\"_blank\" rel=\"noopener noreferrer\">eine Publikation<\/a>\u00a0zu realiseren, welche im Oktober 2010 ver\u00f6ffentlicht wurde und international vertrieben wird. 2010 folgte die Ausstellung\u00a0<a href=\"https:\/\/www.anartchy.com\/urbanscript\/2010-2\/about-the-nightshift\/\" target=\"_blank\" rel=\"noopener noreferrer\">about the nightshift<\/a>\u00a0zur Thematik junger Kunst \u00fcber Zugmalerei.<\/p>\n<p>Mit \u201c<a href=\"https:\/\/www.anartchy.com\/urbanscript\/2011-2\/lak-aan-braak\/\" target=\"_blank\" rel=\"noopener noreferrer\">Lak Aan Braak<\/a>\u201d wurde Jens Besser erstmals ins Ausland eingeladen. In Kooperation mit dem Kunstentcentrum Signe in Heerlen\/NL wurde ein Muralprojekt von Jens Besser kuratiert mit Wandk\u00fcnstlern aus Spanien, Mexiko, Belgien, Niederlande und Nordrhein-Westfalen. Passend zu jeder Ausstellung wurde ein Rahmenprogramm von Vortr\u00e4gen und F\u00fchrungen angeboten.<\/p>\n<p>2011\/12 wurde in Dresden das Wandbildprojekt\u00a0<a href=\"https:\/\/www.anartchy.com\/urbanscript\/2011-2\/citybilder-collaborative-murals-in-dresden-friedrichstadt\/\" target=\"_blank\" rel=\"noopener noreferrer\">City Bilder &#8211; collaborative murals in Dresden-Friedrichstadt<\/a>\u00a0in Zusammenarbeit mit dem\u00a0<a href=\"http:\/\/riesa-efau.de\/kunst-erleben\/citybilder-kunst-auf-brandwaenden\/\" target=\"_blank\" rel=\"noopener noreferrer\">riesa efau &#8211; Kulturform Dresden e.V.<\/a>\u00a0durchgef\u00fchrt.\u00a0<a href=\"https:\/\/www.anartchy.com\/urbanscript\/2012-2\/the-scientific-lessons\/\" target=\"_blank\" rel=\"noopener noreferrer\">The scientific lessons<\/a>\u00a0setzte die Serie an Vortr\u00e4gen 2012 fort und wurde erg\u00e4nzt durch Ausstellungen in Dresden und Sofia. 2013 folgte mit\u00a0<a href=\"https:\/\/www.anartchy.com\/urbanscript\/2012-2\/conceptual-vandalism\/\" target=\"_blank\" rel=\"noopener noreferrer\">Conceptual Vandalism<\/a>\u00a0erneut eine Ausstellung zu einem ausgesuchten Ph\u00e4nomen &#8211; der non-writing Malerei auf Z\u00fcgen.<\/p>\n<p>2014 wurde erstmalig das Dresdner Urban Art Festival\u00a0<a href=\"https:\/\/www.anartchy.com\/urbanscript\/2014-2\/lackstreichekleber\/\">LackStreicheKleber<\/a>\u00a0mit initiert. Seitdem ist urban script continues j\u00e4hrlich Initiator und Partner des\u00a0<a href=\"http:\/\/www.lackstreichekleber.de\">LSK-Festivals<\/a>.<br \/>\nIm selben Jahr wurde\u00a0<a href=\"https:\/\/www.anartchy.com\/urbanscript\/2014-2\/time-for-murals\/\">Time for Murals<\/a>\u00a0in Kooperation dem dem riesa efau in Dresden Friedrichstadt durchgef\u00fchrt. F\u00fcr Time f\u00fcr Murals w\u00e4hlte Jens Besser Festivals aus, welche wiederum ihre K\u00fcnstlerfavoriten mitbrachten. So wurde 2014 das Projekt\u00a0<a href=\"https:\/\/www.anartchy.com\/urbanscript\/2011-2\/citybilder-collaborative-murals-in-dresden-friedrichstadt\/\">City Bilder<\/a>\u00a0um vier Wandbilder erweitert.<\/p>\n<p>2015 wurde Jens Besser eingeladen im ehemaligen Gef\u00e4ngnis von Magdeburg w\u00e4hrend dem Ausstellungsprojekt &#8222;Sinnlichkeit&#8220; tempor\u00e4re Wandbilder zu realiseren. F\u00fcr &#8222;<a href=\"https:\/\/www.anartchy.com\/urbanscript\/2015-2\/antimurals\/\">Antimurals<\/a>&#8220; lud Jens Besser erneut zahlreiche internationale K\u00fcnstler ein.<\/p>\n","protected":false},"excerpt":{"rendered":"<p>Seit 2006 wird die Serie urban script continues (kurz usc) von\u00a0Jens Besser\u00a0organisiert. Sie entstand aus der Idee, kritisch \u00fcber den &hellip; <\/p>\n","protected":false},"author":1,"featured_media":0,"parent":0,"menu_order":-150,"comment_status":"open","ping_status":"closed","template":"","meta":{"_acf_changed":false,"footnotes":""},"categories":[],"class_list":["post-39","page","type-page","status-publish","hentry"],"acf":[],"_links":{"self":[{"href":"https:\/\/www.anartchy.com\/urbanscript\/wp-json\/wp\/v2\/pages\/39","targetHints":{"allow":["GET"]}}],"collection":[{"href":"https:\/\/www.anartchy.com\/urbanscript\/wp-json\/wp\/v2\/pages"}],"about":[{"href":"https:\/\/www.anartchy.com\/urbanscript\/wp-json\/wp\/v2\/types\/page"}],"author":[{"embeddable":true,"href":"https:\/\/www.anartchy.com\/urbanscript\/wp-json\/wp\/v2\/users\/1"}],"replies":[{"embeddable":true,"href":"https:\/\/www.anartchy.com\/urbanscript\/wp-json\/wp\/v2\/comments?post=39"}],"version-history":[{"count":86,"href":"https:\/\/www.anartchy.com\/urbanscript\/wp-json\/wp\/v2\/pages\/39\/revisions"}],"predecessor-version":[{"id":1946,"href":"https:\/\/www.anartchy.com\/urbanscript\/wp-json\/wp\/v2\/pages\/39\/revisions\/1946"}],"wp:attachment":[{"href":"https:\/\/www.anartchy.com\/urbanscript\/wp-json\/wp\/v2\/media?parent=39"}],"wp:term":[{"taxonomy":"category","embeddable":true,"href":"https:\/\/www.anartchy.com\/urbanscript\/wp-json\/wp\/v2\/categories?post=39"}],"curies":[{"name":"wp","href":"https:\/\/api.w.org\/{rel}","templated":true}]}}