{"id":208,"date":"2012-05-05T15:04:15","date_gmt":"2012-05-05T15:04:15","guid":{"rendered":"http:\/\/www.anartchy.com\/urbanscript\/?page_id=208"},"modified":"2012-05-05T15:09:32","modified_gmt":"2012-05-05T15:09:32","slug":"ranzlow-colours-placements","status":"publish","type":"page","link":"https:\/\/www.anartchy.com\/urbanscript\/2010-2\/ranzlow-colours-placements\/","title":{"rendered":"Ranzlow \u2013 colours &#038; placements"},"content":{"rendered":"<p>\u201ecolours &amp; placements\u201c Arbeiten im Raum \u2013 Gedanken zum Raum, dokumentierte Projekte zwischen Farbe und Installation<\/p>\n<p>R l\u00e4sst die vergangenen 12 Monate Revue passieren und zeigt einige seiner Taten und Werke.<br \/>\nIn einem Installationskontext werden Fragmente und Photos von Arbeiten pr\u00e4sentiert, welche er an verschiedenen \u00f6ffentlichen, vergessenen sowie privaten Orten realisiert hat.<br \/>\nDie gezeigten Werke kommen vor allem aus den Bereichen Installation und Malerei im Raum und lassen deutlich den Urban-Art-Hintergrund des Urhebers erkennen.<br \/>\nGrunds\u00e4tzlich bedient er sich einer einfachen Sprache welche von bildhaft-erz\u00e4hlerisch bis hin zu reduziert-abstrakt variiert.<\/p>\n<p>R ist deutschsprachig aufgewachsen und lebt in Zentraleuropa.<br \/>\nH\u00e4ufig auf Reisen, erf\u00fcllt sein Wohnort eher den Zweck eines Basislagers und ist es nicht wert, weiter erw\u00e4hnt zu werden.<br \/>\nWichtigster Einfluss in seiner Kindheit und Jugend war Graffiti, welches er mit wechselnder Intensit\u00e4t noch immer praktiziert.<br \/>\nDie Herangehensweise und die Philosophie von Graffiti sind ausschlaggebend f\u00fcr sein Arbeiten, bet\u00e4tigt er sich doch stets ungefragt an Orten, welche nicht zur Umgestaltung vorgesehen sind.<br \/>\nDie Kurzlebigkeit seiner Hinterlassenschaften und die zum Teil schwer zug\u00e4nglichen Orte die er f\u00fcr seine Projekte w\u00e4hlt, machen ein Live-Erlebnis oft nahezu unm\u00f6glich und so muss der Betrachter mit der dokumentierten Version Vorlieb nehmen.<\/p>\n<p>Vernissage am Freitag 17.9 \u2013 20 Uhr<br \/>\nSamstag und Sonntag 15- 20 Uhr ge\u00f6ffnet<\/p>\n<p>&nbsp;<\/p>\n","protected":false},"excerpt":{"rendered":"<p>\u201ecolours &#038; placements\u201c Arbeiten im Raum \u2013 Gedanken zum Raum, dokumentierte Projekte zwischen Farbe und Installation<\/p>\n","protected":false},"author":2,"featured_media":0,"parent":10,"menu_order":0,"comment_status":"open","ping_status":"open","template":"","meta":{"_acf_changed":false,"footnotes":""},"categories":[1],"class_list":["post-208","page","type-page","status-publish","hentry","category-ausstellungen"],"acf":[],"_links":{"self":[{"href":"https:\/\/www.anartchy.com\/urbanscript\/wp-json\/wp\/v2\/pages\/208","targetHints":{"allow":["GET"]}}],"collection":[{"href":"https:\/\/www.anartchy.com\/urbanscript\/wp-json\/wp\/v2\/pages"}],"about":[{"href":"https:\/\/www.anartchy.com\/urbanscript\/wp-json\/wp\/v2\/types\/page"}],"author":[{"embeddable":true,"href":"https:\/\/www.anartchy.com\/urbanscript\/wp-json\/wp\/v2\/users\/2"}],"replies":[{"embeddable":true,"href":"https:\/\/www.anartchy.com\/urbanscript\/wp-json\/wp\/v2\/comments?post=208"}],"version-history":[{"count":3,"href":"https:\/\/www.anartchy.com\/urbanscript\/wp-json\/wp\/v2\/pages\/208\/revisions"}],"predecessor-version":[{"id":214,"href":"https:\/\/www.anartchy.com\/urbanscript\/wp-json\/wp\/v2\/pages\/208\/revisions\/214"}],"up":[{"embeddable":true,"href":"https:\/\/www.anartchy.com\/urbanscript\/wp-json\/wp\/v2\/pages\/10"}],"wp:attachment":[{"href":"https:\/\/www.anartchy.com\/urbanscript\/wp-json\/wp\/v2\/media?parent=208"}],"wp:term":[{"taxonomy":"category","embeddable":true,"href":"https:\/\/www.anartchy.com\/urbanscript\/wp-json\/wp\/v2\/categories?post=208"}],"curies":[{"name":"wp","href":"https:\/\/api.w.org\/{rel}","templated":true}]}}

<p>„colours &amp; placements“ Arbeiten im Raum – Gedanken zum Raum, dokumentierte Projekte zwischen Farbe und Installation</p>
<p>R lässt die vergangenen 12 Monate Revue passieren und zeigt einige seiner Taten und Werke.<br />
In einem Installationskontext werden Fragmente und Photos von Arbeiten präsentiert, welche er an verschiedenen öffentlichen, vergessenen sowie privaten Orten realisiert hat.<br />
Die gezeigten Werke kommen vor allem aus den Bereichen Installation und Malerei im Raum und lassen deutlich den Urban-Art-Hintergrund des Urhebers erkennen.<br />
Grundsätzlich bedient er sich einer einfachen Sprache welche von bildhaft-erzählerisch bis hin zu reduziert-abstrakt variiert.</p>
<p>R ist deutschsprachig aufgewachsen und lebt in Zentraleuropa.<br />
Häufig auf Reisen, erfüllt sein Wohnort eher den Zweck eines Basislagers und ist es nicht wert, weiter erwähnt zu werden.<br />
Wichtigster Einfluss in seiner Kindheit und Jugend war Graffiti, welches er mit wechselnder Intensität noch immer praktiziert.<br />
Die Herangehensweise und die Philosophie von Graffiti sind ausschlaggebend für sein Arbeiten, betätigt er sich doch stets ungefragt an Orten, welche nicht zur Umgestaltung vorgesehen sind.<br />
Die Kurzlebigkeit seiner Hinterlassenschaften und die zum Teil schwer zugänglichen Orte die er für seine Projekte wählt, machen ein Live-Erlebnis oft nahezu unmöglich und so muss der Betrachter mit der dokumentierten Version Vorlieb nehmen.</p>
<p>Vernissage am Freitag 17.9 – 20 Uhr<br />
Samstag und Sonntag 15- 20 Uhr geöffnet</p>
<p>&nbsp;</p>
