{"id":1926,"date":"2019-04-24T17:34:03","date_gmt":"2019-04-24T17:34:03","guid":{"rendered":"http:\/\/www.anartchy.com\/urbanscript\/?page_id=1926"},"modified":"2019-05-03T14:56:42","modified_gmt":"2019-05-03T14:56:42","slug":"freighttrainworks-katalog","status":"publish","type":"page","link":"https:\/\/www.anartchy.com\/urbanscript\/2017-3\/freighttrainworks-ausstellung\/freighttrainworks-katalog\/","title":{"rendered":"FreightTrainWorks &#8211; Katalog"},"content":{"rendered":"<p><strong><em>for english text please scroll down<\/em><\/strong><\/p>\n<p>Die Publikation &#8222;FreightTrainWorks&#8220; dokumentiert das gleichnamige <a href=\"https:\/\/www.anartchy.com\/urbanscript\/2017-3\/freighttrainworks-ausstellung\/\">Ausstellungsprojekt\u00a0<\/a>.\u00a02017 wurde die Ausstellung\u00a0von Jens Besser in Dresden kuratiert.<\/p>\n<p>Die Ausstellung stellte k\u00fcnstlerische Positionen vor,\u00a0die abstrakte, figurative und konzeptuelle Gestaltungen auf Oberfl\u00e4chen\u00a0von G\u00fcterz\u00fcgen realisierten.<\/p>\n<p>In der\u00a0Publikation FreightTrainWorks sind zahlreiche\u00a0 Fotos und englische Texte zu K\u00fcnstlergruppen erstmalig ver\u00f6ffentlicht. Eine Einf\u00fchrung in die Geschichte des G\u00fcterzugmalens\u00a0vermittelt Wissenswertes. Ein Glossar erkl\u00e4rt die wichtigsten Begriffe.<\/p>\n<p>Mit Texten von J. Besser (DE),\u00a0 R. Kaltenh\u00e4user (DE) und P. Rivasi (IT).<\/p>\n<p>Interviews wurden mit The Funky Diabetic (US) und Zelle Asphaltkultur (DE) von Jens Besser gef\u00fchrt und in der Publikation erstmals ver\u00f6ffentlicht.<\/p>\n<p>Weitere K\u00fcnstler in der Publikation: Aris (IT), BWNC (EU), Canollo (IT), Collettivo FX (IT), Druce Boxcar (RU), JIEM (FR), Weichenschleicher(DE), Wipe Out (FR)<\/p>\n<p>Die Publikation wurde mehrfarbig im Siebdruckverfahren\u00a0und Digitaldruck hergestellt und\u00a0ist mit Illustrationen von Jens Besser erg\u00e4nzend gestaltet.<\/p>\n<p>Die Erstausgabe ist streng limitiert &#8211; 100Stk.<\/p>\n<p>Format A5 &#8211; 20cm x 14,5cm \/ 48 Seiten inkl. Umschlag<\/p>\n<p>Preis zzgl. Versand &#8211; 15\u20ac<\/p>\n<p>F\u00fcr Wissenschaftler steht eine digitale PDF (A5 &#8211; 300dpi) zur Verf\u00fcgung.<\/p>\n<p>Online ist die Publikation auf\u00a0<a href=\"https:\/\/hitzerot.com\/product\/freighttrainworks\/\">Hitzerot.com<\/a> erh\u00e4ltlich oder \u00fcber unser <a href=\"https:\/\/www.anartchy.com\/urbanscript\/kontakt\/\">Kontaktformular<\/a> zu ordern.<\/p>\n<p><strong><em>english text\u00a0<\/em><\/strong><\/p>\n<p>The publication &#8222;FreightTrainWorks&#8220; documents the <a href=\"https:\/\/www.anartchy.com\/urbanscript\/2017-3\/freighttrainworks-ausstellung\/\">exhibition project of the same name<\/a>. In 2017, the exhibition was curated by Jens Besser in Dresden.<\/p>\n<p>The exhibition presented artistic positions that realized abstract, figurative and conceptual\u00a0works on surfaces of freight trains.<\/p>\n<p>In the publication FreightTrainWorks numerous photos and English texts on artist groups are published for the first time. An introduction to the history of freight train painting provides valuable information. A glossary explains the most important terms.<\/p>\n<p>With texts by J. Besser (DE), R. Kaltenh\u00e4user (DE) and P. Rivasi (IT).<\/p>\n<p>Interviews were\u00a0hold\u00a0with The Funky Diabetic (US) and Zelle Asphaltkultur (DE) by Jens Besser and first published in the publication.<\/p>\n<p>Further artists in the publication: Aris (IT), BWNC (EU), Canollo (IT), Collettivo FX (IT), Druce Boxcar (RU), JIEM (FR), Weichenschleicher (DE), Wipe Out (FR)<\/p>\n<p>The publication was produced in multicolor silk screen printing and digital printing and is supplemented with illustrations by Jens Besser.<\/p>\n<p>The first edition is strictly limited &#8211; 100pcs.<\/p>\n<p>Format A5 &#8211; 20cm x 14,5cm \/ 48 pages incl. Cover<\/p>\n<p>Price plus shipping &#8211; 15 \u20ac<\/p>\n<p>For scientists a digital PDF (A5 &#8211; 300dpi) is available.<\/p>\n<p>Online, the publication is available on <a href=\"https:\/\/hitzerot.com\/product\/freighttrainworks\/\">Hitzerot.com<\/a> or order via our <a href=\"https:\/\/www.anartchy.com\/urbanscript\/kontakt\/\">contact form<\/a>.<\/p>\n<p><strong>Bilder der limitierten Edition \/ pictures of the\u00a0limited\u00a0Edition<\/strong><\/p>\n<p><a href=\"https:\/\/www.anartchy.com\/urbanscript\/wp-content\/uploads\/Ohne-Titel-Kopie.jpg\"><img loading=\"lazy\" decoding=\"async\" class=\"alignnone size-large wp-image-1929\" src=\"https:\/\/www.anartchy.com\/urbanscript\/wp-content\/uploads\/Ohne-Titel-Kopie-675x860.jpg\" alt=\"\" width=\"675\" height=\"860\" srcset=\"https:\/\/www.anartchy.com\/urbanscript\/wp-content\/uploads\/Ohne-Titel-Kopie-675x860.jpg 675w, https:\/\/www.anartchy.com\/urbanscript\/wp-content\/uploads\/Ohne-Titel-Kopie-768x978.jpg 768w, https:\/\/www.anartchy.com\/urbanscript\/wp-content\/uploads\/Ohne-Titel-Kopie.jpg 785w\" sizes=\"auto, (max-width: 675px) 100vw, 675px\" \/><\/a><\/p>\n<p><a href=\"https:\/\/www.anartchy.com\/urbanscript\/wp-content\/uploads\/Seite2-3-Kopie.jpg\"><img loading=\"lazy\" decoding=\"async\" class=\"alignnone size-large wp-image-1933\" src=\"https:\/\/www.anartchy.com\/urbanscript\/wp-content\/uploads\/Seite2-3-Kopie-675x500.jpg\" alt=\"\" width=\"675\" height=\"500\" srcset=\"https:\/\/www.anartchy.com\/urbanscript\/wp-content\/uploads\/Seite2-3-Kopie-675x500.jpg 675w, https:\/\/www.anartchy.com\/urbanscript\/wp-content\/uploads\/Seite2-3-Kopie-768x568.jpg 768w, https:\/\/www.anartchy.com\/urbanscript\/wp-content\/uploads\/Seite2-3-Kopie.jpg 1500w\" sizes=\"auto, (max-width: 675px) 100vw, 675px\" \/><\/a><\/p>\n<p><img loading=\"lazy\" decoding=\"async\" class=\"alignnone size-large wp-image-1934\" src=\"https:\/\/www.anartchy.com\/urbanscript\/wp-content\/uploads\/Seite40-41-Kopie-675x498.jpg\" alt=\"\" width=\"675\" height=\"498\" srcset=\"https:\/\/www.anartchy.com\/urbanscript\/wp-content\/uploads\/Seite40-41-Kopie-675x498.jpg 675w, https:\/\/www.anartchy.com\/urbanscript\/wp-content\/uploads\/Seite40-41-Kopie-768x566.jpg 768w, https:\/\/www.anartchy.com\/urbanscript\/wp-content\/uploads\/Seite40-41-Kopie.jpg 1356w\" sizes=\"auto, (max-width: 675px) 100vw, 675px\" \/><\/p>\n<p><a href=\"https:\/\/www.anartchy.com\/urbanscript\/wp-content\/uploads\/Seite_6-7-Kopie.jpg\"><img loading=\"lazy\" decoding=\"async\" class=\"alignnone size-large wp-image-1931\" src=\"https:\/\/www.anartchy.com\/urbanscript\/wp-content\/uploads\/Seite_6-7-Kopie-675x497.jpg\" alt=\"\" width=\"675\" height=\"497\" srcset=\"https:\/\/www.anartchy.com\/urbanscript\/wp-content\/uploads\/Seite_6-7-Kopie-675x497.jpg 675w, https:\/\/www.anartchy.com\/urbanscript\/wp-content\/uploads\/Seite_6-7-Kopie-768x566.jpg 768w, https:\/\/www.anartchy.com\/urbanscript\/wp-content\/uploads\/Seite_6-7-Kopie.jpg 1357w\" sizes=\"auto, (max-width: 675px) 100vw, 675px\" \/><\/a><\/p>\n<p><a href=\"https:\/\/www.anartchy.com\/urbanscript\/wp-content\/uploads\/Seite_42-43-Kopie.jpg\"><img loading=\"lazy\" decoding=\"async\" class=\"alignnone size-large wp-image-1932\" src=\"https:\/\/www.anartchy.com\/urbanscript\/wp-content\/uploads\/Seite_42-43-Kopie-675x500.jpg\" alt=\"\" width=\"675\" height=\"500\" srcset=\"https:\/\/www.anartchy.com\/urbanscript\/wp-content\/uploads\/Seite_42-43-Kopie-675x500.jpg 675w, https:\/\/www.anartchy.com\/urbanscript\/wp-content\/uploads\/Seite_42-43-Kopie-768x568.jpg 768w, https:\/\/www.anartchy.com\/urbanscript\/wp-content\/uploads\/Seite_42-43-Kopie.jpg 1000w\" sizes=\"auto, (max-width: 675px) 100vw, 675px\" \/><\/a><\/p>\n<p><strong>Bilder des Drucks\u00a0\/ pictures of the printing process<\/strong><\/p>\n<p><img loading=\"lazy\" decoding=\"async\" class=\"alignnone size-large wp-image-1928\" src=\"https:\/\/www.anartchy.com\/urbanscript\/wp-content\/uploads\/Ohne-Titel-3-1-675x1013.jpg\" alt=\"\" width=\"675\" height=\"1013\" srcset=\"https:\/\/www.anartchy.com\/urbanscript\/wp-content\/uploads\/Ohne-Titel-3-1-675x1013.jpg 675w, https:\/\/www.anartchy.com\/urbanscript\/wp-content\/uploads\/Ohne-Titel-3-1-768x1152.jpg 768w, https:\/\/www.anartchy.com\/urbanscript\/wp-content\/uploads\/Ohne-Titel-3-1.jpg 1000w\" sizes=\"auto, (max-width: 675px) 100vw, 675px\" \/><\/p>\n<p><img loading=\"lazy\" decoding=\"async\" class=\"alignnone size-large wp-image-1930\" src=\"https:\/\/www.anartchy.com\/urbanscript\/wp-content\/uploads\/Ohne-Titel-8-675x450.jpg\" alt=\"\" width=\"675\" height=\"450\" srcset=\"https:\/\/www.anartchy.com\/urbanscript\/wp-content\/uploads\/Ohne-Titel-8-675x450.jpg 675w, https:\/\/www.anartchy.com\/urbanscript\/wp-content\/uploads\/Ohne-Titel-8-768x512.jpg 768w, https:\/\/www.anartchy.com\/urbanscript\/wp-content\/uploads\/Ohne-Titel-8.jpg 1500w\" sizes=\"auto, (max-width: 675px) 100vw, 675px\" \/><\/p>\n<p><a href=\"https:\/\/www.anartchy.com\/urbanscript\/wp-content\/uploads\/Ohne-Titel-2-1.jpg\"><img loading=\"lazy\" decoding=\"async\" class=\"alignnone size-large wp-image-1927\" src=\"https:\/\/www.anartchy.com\/urbanscript\/wp-content\/uploads\/Ohne-Titel-2-1-675x1013.jpg\" alt=\"\" width=\"675\" height=\"1013\" srcset=\"https:\/\/www.anartchy.com\/urbanscript\/wp-content\/uploads\/Ohne-Titel-2-1-675x1013.jpg 675w, https:\/\/www.anartchy.com\/urbanscript\/wp-content\/uploads\/Ohne-Titel-2-1-768x1152.jpg 768w, https:\/\/www.anartchy.com\/urbanscript\/wp-content\/uploads\/Ohne-Titel-2-1.jpg 1000w\" sizes=\"auto, (max-width: 675px) 100vw, 675px\" \/><\/a><\/p>\n","protected":false},"excerpt":{"rendered":"<p>Die Publikation &#8222;FreightTrainWorks&#8220; dokumentiert das gleichnamige Ausstellungsprojekt . 2017 wurde die Ausstellung von Jens Besser in Dresden kuratiert. \/ The &hellip; <\/p>\n","protected":false},"author":2,"featured_media":0,"parent":1730,"menu_order":0,"comment_status":"closed","ping_status":"closed","template":"","meta":{"_acf_changed":false,"footnotes":""},"categories":[14,10],"class_list":["post-1926","page","type-page","status-publish","hentry","category-projekte","category-publikationen"],"acf":[],"_links":{"self":[{"href":"https:\/\/www.anartchy.com\/urbanscript\/wp-json\/wp\/v2\/pages\/1926","targetHints":{"allow":["GET"]}}],"collection":[{"href":"https:\/\/www.anartchy.com\/urbanscript\/wp-json\/wp\/v2\/pages"}],"about":[{"href":"https:\/\/www.anartchy.com\/urbanscript\/wp-json\/wp\/v2\/types\/page"}],"author":[{"embeddable":true,"href":"https:\/\/www.anartchy.com\/urbanscript\/wp-json\/wp\/v2\/users\/2"}],"replies":[{"embeddable":true,"href":"https:\/\/www.anartchy.com\/urbanscript\/wp-json\/wp\/v2\/comments?post=1926"}],"version-history":[{"count":5,"href":"https:\/\/www.anartchy.com\/urbanscript\/wp-json\/wp\/v2\/pages\/1926\/revisions"}],"predecessor-version":[{"id":1942,"href":"https:\/\/www.anartchy.com\/urbanscript\/wp-json\/wp\/v2\/pages\/1926\/revisions\/1942"}],"up":[{"embeddable":true,"href":"https:\/\/www.anartchy.com\/urbanscript\/wp-json\/wp\/v2\/pages\/1730"}],"wp:attachment":[{"href":"https:\/\/www.anartchy.com\/urbanscript\/wp-json\/wp\/v2\/media?parent=1926"}],"wp:term":[{"taxonomy":"category","embeddable":true,"href":"https:\/\/www.anartchy.com\/urbanscript\/wp-json\/wp\/v2\/categories?post=1926"}],"curies":[{"name":"wp","href":"https:\/\/api.w.org\/{rel}","templated":true}]}}