{"id":1742,"date":"2017-06-23T05:04:34","date_gmt":"2017-06-23T05:04:34","guid":{"rendered":"http:\/\/www.anartchy.com\/urbanscript\/?page_id=1742"},"modified":"2017-06-23T05:07:34","modified_gmt":"2017-06-23T05:07:34","slug":"freighttrainworks-fuehrung-durch-die-ausstellung","status":"publish","type":"page","link":"https:\/\/www.anartchy.com\/urbanscript\/2017-3\/freighttrainworks-ausstellung\/freighttrainworks-fuehrung-durch-die-ausstellung\/","title":{"rendered":"F\u00fchrungen durch die Ausstellung FreightTrainWorks &#8211; bilingual"},"content":{"rendered":"<p><em>for english text please scroll down<\/em><\/p>\n<p>Die Ausstellung FreightTrainWorks stellt k\u00fcnstlerische Positionen vor,\u00a0die abstrakte, figurative und konzeptuelle Gestaltungen auf Oberfl\u00e4chen\u00a0von G\u00fcterz\u00fcgen realisierten. Eine Einf\u00fchrung in die Geschichte des G\u00fcterzugmalens\u00a0vermittelt Wissenswertes und erkl\u00e4rt die wichtigsten Begriffe.<\/p>\n<p>FreightTrainWorks pr\u00e4sentiert Fotos, Originalskizzen, Publikationen, Texteund Videos, die das Schaffen der K\u00fcnstler dokumentieren und vermitteln.<\/p>\n<p>Mit Texten von J. Besser (DE), Alessandra Ioal\u00e9 (IT), R. Kaltenh\u00e4user (DE), P. Rivasi (IT) und E. Vogel (DE)<\/p>\n<p>Beteiligte K\u00fcnstler u.a. mit Aris (IT), BWNC (EU), Collettivo FX (IT), Druce Boxcar (RU), JIEM (FR),\u00a0The Funky Diabetic (US), Weichenschleicher(DE), Wipe Out (FR), Zelle Asphaltkultur (DE)<\/p>\n<p>&nbsp;<\/p>\n<p><strong>SPECIALS ? F\u00fchrungen durch die Ausstellung\u00a0<\/strong>\u00a0&#8211; Beitrag pro Person 5\u20ac<\/p>\n<p><strong>Samstag 15.07.2017, Start 16 Uhr<\/strong><\/p>\n<p><strong>Freitag 28.07.2017, Start 16 Uhr<\/strong><\/p>\n<p><strong>Dienstag 8.08.2017, Start 16 Uh<\/strong><\/p>\n<p><strong>auf Anfrage sind weitere Termine m\u00f6glich<\/strong><\/p>\n<p>&nbsp;<\/p>\n<p>Titelgrafik von Jens Besser &#8211; erh\u00e4ltlich als limitiertes Siebdruckposter und T-Shirt in der Ausstellung\u00a0und in allen LackStreicheKleber Pop-Up-Shops w\u00e4hrend des LackStreicheKleber Festivals 2017<\/p>\n<p>&nbsp;<\/p>\n<p><em>The exhibtion FreightTrainWorks introduces artistic positions which realized abstract, figurative and conceptual creations on surfaces of freight trains.\u00a0An Introduction into the history of freight painting imparts knowledge and explains important terms. <\/em><\/p>\n<p><em>FreightTrainWorks shows photos, original sketches, publications , texts and videos which document and communicate the producing of artists.\u00a0<\/em><\/p>\n<p><em>With texts by J. Besser (DE), Alessandra Ioal\u00e9 (IT), R. Kaltenh\u00e4user (DE), P. Rivasi (IT) and E. Vogel (DE)<\/em><\/p>\n<p><em>participating artists\u00a0 Aris (IT), BWNC (EU), Collettivo FX (IT), Druce Boxcar (RU), JIEM (FR),\u00a0The Funky Diabetic (US), Weichenschleicher(DE), Wipe Out (FR), Zelle Asphaltkultur (DE)<\/em><\/p>\n<p>&nbsp;<\/p>\n<p><strong>guided tours through the exhibition (bilingual)\u00a0<\/strong>&#8211; fee per capita 5\u20ac<\/p>\n<p><strong>Saturday 15.07.2017, start 4 p.m.<\/strong><\/p>\n<p><strong>Friday 28.07.2017, start Start 4 p.m.<\/strong><\/p>\n<p><strong>Tuesday 8.08.2017, start 4 p.m.<\/strong><\/p>\n<p>&nbsp;<\/p>\n","protected":false},"excerpt":{"rendered":"<p>F\u00fchrung durch die Ausstellung FeightTrainWorks<\/p>\n","protected":false},"author":2,"featured_media":0,"parent":1730,"menu_order":0,"comment_status":"closed","ping_status":"closed","template":"","meta":{"_acf_changed":false,"footnotes":""},"categories":[4],"class_list":["post-1742","page","type-page","status-publish","hentry","category-fuehrungen"],"acf":[],"_links":{"self":[{"href":"https:\/\/www.anartchy.com\/urbanscript\/wp-json\/wp\/v2\/pages\/1742","targetHints":{"allow":["GET"]}}],"collection":[{"href":"https:\/\/www.anartchy.com\/urbanscript\/wp-json\/wp\/v2\/pages"}],"about":[{"href":"https:\/\/www.anartchy.com\/urbanscript\/wp-json\/wp\/v2\/types\/page"}],"author":[{"embeddable":true,"href":"https:\/\/www.anartchy.com\/urbanscript\/wp-json\/wp\/v2\/users\/2"}],"replies":[{"embeddable":true,"href":"https:\/\/www.anartchy.com\/urbanscript\/wp-json\/wp\/v2\/comments?post=1742"}],"version-history":[{"count":5,"href":"https:\/\/www.anartchy.com\/urbanscript\/wp-json\/wp\/v2\/pages\/1742\/revisions"}],"predecessor-version":[{"id":1747,"href":"https:\/\/www.anartchy.com\/urbanscript\/wp-json\/wp\/v2\/pages\/1742\/revisions\/1747"}],"up":[{"embeddable":true,"href":"https:\/\/www.anartchy.com\/urbanscript\/wp-json\/wp\/v2\/pages\/1730"}],"wp:attachment":[{"href":"https:\/\/www.anartchy.com\/urbanscript\/wp-json\/wp\/v2\/media?parent=1742"}],"wp:term":[{"taxonomy":"category","embeddable":true,"href":"https:\/\/www.anartchy.com\/urbanscript\/wp-json\/wp\/v2\/categories?post=1742"}],"curies":[{"name":"wp","href":"https:\/\/api.w.org\/{rel}","templated":true}]}}