{"id":1645,"date":"2017-01-31T16:18:58","date_gmt":"2017-01-31T16:18:58","guid":{"rendered":"http:\/\/www.anartchy.com\/urbanscript\/?page_id=1645"},"modified":"2017-01-31T16:18:58","modified_gmt":"2017-01-31T16:18:58","slug":"vortraege-und-buchvorstellungen","status":"publish","type":"page","link":"https:\/\/www.anartchy.com\/urbanscript\/2015-2\/lackstreichekleber-festival\/vortraege-und-buchvorstellungen\/","title":{"rendered":"Vortr\u00e4ge und Buchvorstellungen"},"content":{"rendered":"<p><a href=\"https:\/\/www.anartchy.com\/urbanscript\/wp-content\/uploads\/OX_Buchl.jpg\"><img loading=\"lazy\" decoding=\"async\" src=\"https:\/\/www.anartchy.com\/urbanscript\/wp-content\/uploads\/OX_Buchl-675x464.jpg\" alt=\"\" width=\"675\" height=\"464\" class=\"alignnone size-large wp-image-1647\" srcset=\"https:\/\/www.anartchy.com\/urbanscript\/wp-content\/uploads\/OX_Buchl-675x464.jpg 675w, https:\/\/www.anartchy.com\/urbanscript\/wp-content\/uploads\/OX_Buchl-768x527.jpg 768w, https:\/\/www.anartchy.com\/urbanscript\/wp-content\/uploads\/OX_Buchl.jpg 900w\" sizes=\"auto, (max-width: 675px) 100vw, 675px\" \/><\/a><\/p>\n<p>25.7.2015 &#8211; Buchvorstellungen &#8222;OX: Plakatkunst&#8220; von und mit Andreas Ullrich und OX <\/p>\n<p><a href=\"https:\/\/www.anartchy.com\/urbanscript\/wp-content\/uploads\/Street_Messages_cover.jpg\"><img loading=\"lazy\" decoding=\"async\" src=\"https:\/\/www.anartchy.com\/urbanscript\/wp-content\/uploads\/Street_Messages_cover-675x789.jpg\" alt=\"\" width=\"675\" height=\"789\" class=\"alignnone size-large wp-image-1646\" srcset=\"https:\/\/www.anartchy.com\/urbanscript\/wp-content\/uploads\/Street_Messages_cover-675x789.jpg 675w, https:\/\/www.anartchy.com\/urbanscript\/wp-content\/uploads\/Street_Messages_cover-768x898.jpg 768w, https:\/\/www.anartchy.com\/urbanscript\/wp-content\/uploads\/Street_Messages_cover.jpg 1181w\" sizes=\"auto, (max-width: 675px) 100vw, 675px\" \/><\/a><\/p>\n<p>29.7.2015 &#8211; Buchvorstellungen &#8222;Street Messages&#8220; von und mit Nicholas Ganz <\/p>\n<p><a href=\"https:\/\/www.anartchy.com\/urbanscript\/wp-content\/uploads\/Graffiti-ist-Jazz-mit-Buchstaben.jpg\"><img loading=\"lazy\" decoding=\"async\" src=\"https:\/\/www.anartchy.com\/urbanscript\/wp-content\/uploads\/Graffiti-ist-Jazz-mit-Buchstaben-675x481.jpg\" alt=\"\" width=\"675\" height=\"481\" class=\"alignnone size-large wp-image-1648\" srcset=\"https:\/\/www.anartchy.com\/urbanscript\/wp-content\/uploads\/Graffiti-ist-Jazz-mit-Buchstaben-675x481.jpg 675w, https:\/\/www.anartchy.com\/urbanscript\/wp-content\/uploads\/Graffiti-ist-Jazz-mit-Buchstaben-768x547.jpg 768w, https:\/\/www.anartchy.com\/urbanscript\/wp-content\/uploads\/Graffiti-ist-Jazz-mit-Buchstaben.jpg 910w\" sizes=\"auto, (max-width: 675px) 100vw, 675px\" \/><\/a><\/p>\n<p>29.7.2015 &#8211; Buchvorstellungen Graffiti ist Jazz mit Buchstaben von und mit Frank Pudel und Sabine Ullrich <\/p>\n<p><a href=\"https:\/\/www.anartchy.com\/urbanscript\/wp-content\/uploads\/Vortrag-One-week-Jeddah-Entrance_2_Utopia_Fin.jpg\"><img loading=\"lazy\" decoding=\"async\" src=\"https:\/\/www.anartchy.com\/urbanscript\/wp-content\/uploads\/Vortrag-One-week-Jeddah-Entrance_2_Utopia_Fin-675x450.jpg\" alt=\"\" width=\"675\" height=\"450\" class=\"alignnone size-large wp-image-1649\" srcset=\"https:\/\/www.anartchy.com\/urbanscript\/wp-content\/uploads\/Vortrag-One-week-Jeddah-Entrance_2_Utopia_Fin-675x450.jpg 675w, https:\/\/www.anartchy.com\/urbanscript\/wp-content\/uploads\/Vortrag-One-week-Jeddah-Entrance_2_Utopia_Fin-768x512.jpg 768w, https:\/\/www.anartchy.com\/urbanscript\/wp-content\/uploads\/Vortrag-One-week-Jeddah-Entrance_2_Utopia_Fin.jpg 1500w\" sizes=\"auto, (max-width: 675px) 100vw, 675px\" \/><\/a><\/p>\n<p>30.7.2015 &#8211; Vortrag One Week in Jeddah mit Jens Besser <\/p>\n<p><a href=\"https:\/\/www.anartchy.com\/urbanscript\/wp-content\/uploads\/Vortrag_Walls_of_Freedom_Copyright_-From-Here-To-Fame-Publishing-.jpg\"><img loading=\"lazy\" decoding=\"async\" src=\"https:\/\/www.anartchy.com\/urbanscript\/wp-content\/uploads\/Vortrag_Walls_of_Freedom_Copyright_-From-Here-To-Fame-Publishing--675x250.jpg\" alt=\"\" width=\"675\" height=\"250\" class=\"alignnone size-large wp-image-1651\" srcset=\"https:\/\/www.anartchy.com\/urbanscript\/wp-content\/uploads\/Vortrag_Walls_of_Freedom_Copyright_-From-Here-To-Fame-Publishing--675x250.jpg 675w, https:\/\/www.anartchy.com\/urbanscript\/wp-content\/uploads\/Vortrag_Walls_of_Freedom_Copyright_-From-Here-To-Fame-Publishing--768x284.jpg 768w, https:\/\/www.anartchy.com\/urbanscript\/wp-content\/uploads\/Vortrag_Walls_of_Freedom_Copyright_-From-Here-To-Fame-Publishing-.jpg 851w\" sizes=\"auto, (max-width: 675px) 100vw, 675px\" \/><\/a><\/p>\n<p>30.7.2015 &#8211; Buchvorstellungen &#8222;Walls of Freedom&#8220; von und mit Don R. Karl<\/p>\n<p><a href=\"https:\/\/www.anartchy.com\/urbanscript\/wp-content\/uploads\/Diskussion-Street-Art-Geschichte-Dresden-Die-Moderne-1.jpg\"><img loading=\"lazy\" decoding=\"async\" src=\"https:\/\/www.anartchy.com\/urbanscript\/wp-content\/uploads\/Diskussion-Street-Art-Geschichte-Dresden-Die-Moderne-1-675x450.jpg\" alt=\"\" width=\"675\" height=\"450\" class=\"alignnone size-large wp-image-1650\" srcset=\"https:\/\/www.anartchy.com\/urbanscript\/wp-content\/uploads\/Diskussion-Street-Art-Geschichte-Dresden-Die-Moderne-1-675x450.jpg 675w, https:\/\/www.anartchy.com\/urbanscript\/wp-content\/uploads\/Diskussion-Street-Art-Geschichte-Dresden-Die-Moderne-1-768x512.jpg 768w, https:\/\/www.anartchy.com\/urbanscript\/wp-content\/uploads\/Diskussion-Street-Art-Geschichte-Dresden-Die-Moderne-1.jpg 900w\" sizes=\"auto, (max-width: 675px) 100vw, 675px\" \/><\/a><\/p>\n<p>31.7.2015 &#8211; Diskussion &#8222;Street-Art-Geschichte Dresden&#8220; in St\u00e4dtischer Galerie Dresden (Cafe Saal) <\/p>\n<p><img loading=\"lazy\" decoding=\"async\" src=\"https:\/\/www.anartchy.com\/urbanscript\/wp-content\/uploads\/Titelbild-675x465.jpg\" alt=\"\" width=\"675\" height=\"465\" class=\"size-large wp-image-1483\" srcset=\"https:\/\/www.anartchy.com\/urbanscript\/wp-content\/uploads\/Titelbild-675x465.jpg 675w, https:\/\/www.anartchy.com\/urbanscript\/wp-content\/uploads\/Titelbild.jpg 1500w\" sizes=\"auto, (max-width: 675px) 100vw, 675px\" \/><\/p>\n<p>6.8.2015 &#8211; Projekt- und Katalogpr\u00e4sentation &#8222;<a href=\"https:\/\/www.anartchy.com\/urbanscript\/2014-2\/time-for-murals\/\">Time for Murals<\/a>&#8220; von Jens Besser und Denise Ackermann<\/p>\n","protected":false},"excerpt":{"rendered":"<p>W\u00e4hrend des LackStreicheKleber Festivals 2015 fanden zahlreiche Vortr\u00e4ge und Buchvorstellungen statt. Hier ein \u00dcberblick.<\/p>\n","protected":false},"author":2,"featured_media":0,"parent":1444,"menu_order":0,"comment_status":"closed","ping_status":"closed","template":"","meta":{"_acf_changed":false,"footnotes":""},"categories":[5],"class_list":["post-1645","page","type-page","status-publish","hentry","category-vortraege"],"acf":[],"_links":{"self":[{"href":"https:\/\/www.anartchy.com\/urbanscript\/wp-json\/wp\/v2\/pages\/1645","targetHints":{"allow":["GET"]}}],"collection":[{"href":"https:\/\/www.anartchy.com\/urbanscript\/wp-json\/wp\/v2\/pages"}],"about":[{"href":"https:\/\/www.anartchy.com\/urbanscript\/wp-json\/wp\/v2\/types\/page"}],"author":[{"embeddable":true,"href":"https:\/\/www.anartchy.com\/urbanscript\/wp-json\/wp\/v2\/users\/2"}],"replies":[{"embeddable":true,"href":"https:\/\/www.anartchy.com\/urbanscript\/wp-json\/wp\/v2\/comments?post=1645"}],"version-history":[{"count":4,"href":"https:\/\/www.anartchy.com\/urbanscript\/wp-json\/wp\/v2\/pages\/1645\/revisions"}],"predecessor-version":[{"id":1656,"href":"https:\/\/www.anartchy.com\/urbanscript\/wp-json\/wp\/v2\/pages\/1645\/revisions\/1656"}],"up":[{"embeddable":true,"href":"https:\/\/www.anartchy.com\/urbanscript\/wp-json\/wp\/v2\/pages\/1444"}],"wp:attachment":[{"href":"https:\/\/www.anartchy.com\/urbanscript\/wp-json\/wp\/v2\/media?parent=1645"}],"wp:term":[{"taxonomy":"category","embeddable":true,"href":"https:\/\/www.anartchy.com\/urbanscript\/wp-json\/wp\/v2\/categories?post=1645"}],"curies":[{"name":"wp","href":"https:\/\/api.w.org\/{rel}","templated":true}]}}

Vorträge und Buchvorstellungen

<p><a href="https://www.anartchy.com/urbanscript/wp-content/uploads/OX_Buchl.jpg"><img loading="lazy" decoding="async" src="https://www.anartchy.com/urbanscript/wp-content/uploads/OX_Buchl-675x464.jpg" alt="" width="675" height="464" class="alignnone size-large wp-image-1647" srcset="https://www.anartchy.com/urbanscript/wp-content/uploads/OX_Buchl-675x464.jpg 675w, https://www.anartchy.com/urbanscript/wp-content/uploads/OX_Buchl-768x527.jpg 768w, https://www.anartchy.com/urbanscript/wp-content/uploads/OX_Buchl.jpg 900w" sizes="auto, (max-width: 675px) 100vw, 675px" /></a></p>
<p>25.7.2015 &#8211; Buchvorstellungen &#8222;OX: Plakatkunst&#8220; von und mit Andreas Ullrich und OX </p>
<p><a href="https://www.anartchy.com/urbanscript/wp-content/uploads/Street_Messages_cover.jpg"><img loading="lazy" decoding="async" src="https://www.anartchy.com/urbanscript/wp-content/uploads/Street_Messages_cover-675x789.jpg" alt="" width="675" height="789" class="alignnone size-large wp-image-1646" srcset="https://www.anartchy.com/urbanscript/wp-content/uploads/Street_Messages_cover-675x789.jpg 675w, https://www.anartchy.com/urbanscript/wp-content/uploads/Street_Messages_cover-768x898.jpg 768w, https://www.anartchy.com/urbanscript/wp-content/uploads/Street_Messages_cover.jpg 1181w" sizes="auto, (max-width: 675px) 100vw, 675px" /></a></p>
<p>29.7.2015 &#8211; Buchvorstellungen &#8222;Street Messages&#8220; von und mit Nicholas Ganz </p>
<p><a href="https://www.anartchy.com/urbanscript/wp-content/uploads/Graffiti-ist-Jazz-mit-Buchstaben.jpg"><img loading="lazy" decoding="async" src="https://www.anartchy.com/urbanscript/wp-content/uploads/Graffiti-ist-Jazz-mit-Buchstaben-675x481.jpg" alt="" width="675" height="481" class="alignnone size-large wp-image-1648" srcset="https://www.anartchy.com/urbanscript/wp-content/uploads/Graffiti-ist-Jazz-mit-Buchstaben-675x481.jpg 675w, https://www.anartchy.com/urbanscript/wp-content/uploads/Graffiti-ist-Jazz-mit-Buchstaben-768x547.jpg 768w, https://www.anartchy.com/urbanscript/wp-content/uploads/Graffiti-ist-Jazz-mit-Buchstaben.jpg 910w" sizes="auto, (max-width: 675px) 100vw, 675px" /></a></p>
<p>29.7.2015 &#8211; Buchvorstellungen Graffiti ist Jazz mit Buchstaben von und mit Frank Pudel und Sabine Ullrich </p>
<p><a href="https://www.anartchy.com/urbanscript/wp-content/uploads/Vortrag-One-week-Jeddah-Entrance_2_Utopia_Fin.jpg"><img loading="lazy" decoding="async" src="https://www.anartchy.com/urbanscript/wp-content/uploads/Vortrag-One-week-Jeddah-Entrance_2_Utopia_Fin-675x450.jpg" alt="" width="675" height="450" class="alignnone size-large wp-image-1649" srcset="https://www.anartchy.com/urbanscript/wp-content/uploads/Vortrag-One-week-Jeddah-Entrance_2_Utopia_Fin-675x450.jpg 675w, https://www.anartchy.com/urbanscript/wp-content/uploads/Vortrag-One-week-Jeddah-Entrance_2_Utopia_Fin-768x512.jpg 768w, https://www.anartchy.com/urbanscript/wp-content/uploads/Vortrag-One-week-Jeddah-Entrance_2_Utopia_Fin.jpg 1500w" sizes="auto, (max-width: 675px) 100vw, 675px" /></a></p>
<p>30.7.2015 &#8211; Vortrag One Week in Jeddah mit Jens Besser </p>
<p><a href="https://www.anartchy.com/urbanscript/wp-content/uploads/Vortrag_Walls_of_Freedom_Copyright_-From-Here-To-Fame-Publishing-.jpg"><img loading="lazy" decoding="async" src="https://www.anartchy.com/urbanscript/wp-content/uploads/Vortrag_Walls_of_Freedom_Copyright_-From-Here-To-Fame-Publishing--675x250.jpg" alt="" width="675" height="250" class="alignnone size-large wp-image-1651" srcset="https://www.anartchy.com/urbanscript/wp-content/uploads/Vortrag_Walls_of_Freedom_Copyright_-From-Here-To-Fame-Publishing--675x250.jpg 675w, https://www.anartchy.com/urbanscript/wp-content/uploads/Vortrag_Walls_of_Freedom_Copyright_-From-Here-To-Fame-Publishing--768x284.jpg 768w, https://www.anartchy.com/urbanscript/wp-content/uploads/Vortrag_Walls_of_Freedom_Copyright_-From-Here-To-Fame-Publishing-.jpg 851w" sizes="auto, (max-width: 675px) 100vw, 675px" /></a></p>
<p>30.7.2015 &#8211; Buchvorstellungen &#8222;Walls of Freedom&#8220; von und mit Don R. Karl</p>
<p><a href="https://www.anartchy.com/urbanscript/wp-content/uploads/Diskussion-Street-Art-Geschichte-Dresden-Die-Moderne-1.jpg"><img loading="lazy" decoding="async" src="https://www.anartchy.com/urbanscript/wp-content/uploads/Diskussion-Street-Art-Geschichte-Dresden-Die-Moderne-1-675x450.jpg" alt="" width="675" height="450" class="alignnone size-large wp-image-1650" srcset="https://www.anartchy.com/urbanscript/wp-content/uploads/Diskussion-Street-Art-Geschichte-Dresden-Die-Moderne-1-675x450.jpg 675w, https://www.anartchy.com/urbanscript/wp-content/uploads/Diskussion-Street-Art-Geschichte-Dresden-Die-Moderne-1-768x512.jpg 768w, https://www.anartchy.com/urbanscript/wp-content/uploads/Diskussion-Street-Art-Geschichte-Dresden-Die-Moderne-1.jpg 900w" sizes="auto, (max-width: 675px) 100vw, 675px" /></a></p>
<p>31.7.2015 &#8211; Diskussion &#8222;Street-Art-Geschichte Dresden&#8220; in Städtischer Galerie Dresden (Cafe Saal) </p>
<p><img loading="lazy" decoding="async" src="https://www.anartchy.com/urbanscript/wp-content/uploads/Titelbild-675x465.jpg" alt="" width="675" height="465" class="size-large wp-image-1483" srcset="https://www.anartchy.com/urbanscript/wp-content/uploads/Titelbild-675x465.jpg 675w, https://www.anartchy.com/urbanscript/wp-content/uploads/Titelbild.jpg 1500w" sizes="auto, (max-width: 675px) 100vw, 675px" /></p>
<p>6.8.2015 &#8211; Projekt- und Katalogpräsentation &#8222;<a href="https://www.anartchy.com/urbanscript/2014-2/time-for-murals/">Time for Murals</a>&#8220; von Jens Besser und Denise Ackermann</p>

<p>Während des LackStreicheKleber Festivals 2015 fanden zahlreiche Vorträge und Buchvorstellungen statt. Hier ein Überblick.</p>
