{"id":1578,"date":"2017-01-27T18:14:20","date_gmt":"2017-01-27T18:14:20","guid":{"rendered":"http:\/\/www.anartchy.com\/urbanscript\/?page_id=1578"},"modified":"2017-10-06T17:47:24","modified_gmt":"2017-10-06T17:47:24","slug":"trains-travels-murals","status":"publish","type":"page","link":"https:\/\/www.anartchy.com\/urbanscript\/2017-3\/trains-travels-murals\/","title":{"rendered":"Trains, Travels  &#038; Murals"},"content":{"rendered":"<p><a href=\"http:\/\/jensbesser.blogspot.de\" target=\"_blank\" rel=\"noopener noreferrer\">Jens Besser<\/a>, teilnehmender K\u00fcnstler der Magic City, pr\u00e4sentiert zum ersten Mal seinen druckfrischen Katalog. Zu sehen sein werden legal und illegal entstandene Wandbilder des Dresdners, angereichert mit interessanten Geschichten zu der Entstehung seit 2009.<\/p>\n<p>Der K\u00fcnstler bereiste mehrfach Lateinamerika, er besuchte Taiwan, Zypern und Saudi-Arabien. In all diesen exotischen L\u00e4ndern hinterlie\u00df er seinen k\u00fcnstlerischen Fu\u00dfabdruck. Dort schuf Jens Besser \u00fcber den Zeitraum eines gesamten Jahres Serien wie \u201eJust another nightshift\u201c (2010), &#8222;Train of Infinity&#8220; (2013), oder \u201eRefugien&#8220; (2014).<\/p>\n<p>Start der Buchpr\u00e4sentation &#8211; 19 Uhr<\/p>\n","protected":false},"excerpt":{"rendered":"<p>Jens Besser, teilnehmender K\u00fcnstler der Magic City, pr\u00e4sentiert am 17.2.2017 zum ersten Mal seinen druckfrischen Katalog. Zu sehen sein werden &hellip; <\/p>\n","protected":false},"author":2,"featured_media":0,"parent":1510,"menu_order":-10,"comment_status":"open","ping_status":"open","template":"","meta":{"_acf_changed":false,"footnotes":""},"categories":[5],"class_list":["post-1578","page","type-page","status-publish","hentry","category-vortraege"],"acf":[],"_links":{"self":[{"href":"https:\/\/www.anartchy.com\/urbanscript\/wp-json\/wp\/v2\/pages\/1578","targetHints":{"allow":["GET"]}}],"collection":[{"href":"https:\/\/www.anartchy.com\/urbanscript\/wp-json\/wp\/v2\/pages"}],"about":[{"href":"https:\/\/www.anartchy.com\/urbanscript\/wp-json\/wp\/v2\/types\/page"}],"author":[{"embeddable":true,"href":"https:\/\/www.anartchy.com\/urbanscript\/wp-json\/wp\/v2\/users\/2"}],"replies":[{"embeddable":true,"href":"https:\/\/www.anartchy.com\/urbanscript\/wp-json\/wp\/v2\/comments?post=1578"}],"version-history":[{"count":8,"href":"https:\/\/www.anartchy.com\/urbanscript\/wp-json\/wp\/v2\/pages\/1578\/revisions"}],"predecessor-version":[{"id":1771,"href":"https:\/\/www.anartchy.com\/urbanscript\/wp-json\/wp\/v2\/pages\/1578\/revisions\/1771"}],"up":[{"embeddable":true,"href":"https:\/\/www.anartchy.com\/urbanscript\/wp-json\/wp\/v2\/pages\/1510"}],"wp:attachment":[{"href":"https:\/\/www.anartchy.com\/urbanscript\/wp-json\/wp\/v2\/media?parent=1578"}],"wp:term":[{"taxonomy":"category","embeddable":true,"href":"https:\/\/www.anartchy.com\/urbanscript\/wp-json\/wp\/v2\/categories?post=1578"}],"curies":[{"name":"wp","href":"https:\/\/api.w.org\/{rel}","templated":true}]}}