{"id":1516,"date":"2017-01-27T13:07:24","date_gmt":"2017-01-27T13:07:24","guid":{"rendered":"http:\/\/www.anartchy.com\/urbanscript\/?page_id=1516"},"modified":"2017-01-27T13:24:57","modified_gmt":"2017-01-27T13:24:57","slug":"lackstreichekleber-2016","status":"publish","type":"page","link":"https:\/\/www.anartchy.com\/urbanscript\/2016-2\/lackstreichekleber-2016\/","title":{"rendered":"LackStreicheKleber &#8211; 2016"},"content":{"rendered":"<p style=\"color: #333333;\">Bereits im M\u00e4rz startete das LackStreicheKleber-Team mit der ersten Wandmalaktion in diesem Jahr. Am neuen Haltepunkt Bischofsplatz entstand zur Aktion\u00a0<strong>\u201eLSK-Goes Line\u201c<\/strong>\u00a0eine\u00a0<strong>\u201eGraffiti vs. Street Art\u201c<\/strong>\u00a0Wandbemalung an der sich \u00fcber 30 lokale Urban Artists beteiligten. Die lokale Presse berichtete umfangreich und das Feedback war durchg\u00e4ngig positiv.<\/p>\n<p style=\"color: #333333;\">Die Vorbereitungen f\u00fcr das diesj\u00e4hrige LackStreicheKleber Urban Art Festival laufen gegenw\u00e4rtig auf Hochtouren. Vom\u00a0<strong>23. Juli bis 7. August 2016<\/strong>\u00a0wird es wieder Ausstellungen, F\u00fchrungen, Wandmalaktionen, Workshops, einen Kunstmarkt und Vortr\u00e4ge rund ums Thema Urban-Art geben.<\/p>\n<p style=\"color: #333333;\">Wenn am 23. Juli das Festival mit dem\u00a0<strong>Paint Club Live-Painting<\/strong>\u00a0beginnt und in die Vernissage im\u00a0<strong>Hole of Fame<\/strong>\u00a0\u00fcbergeht wird ein umfangreiches Programm starten. Diesj\u00e4hriges Epizentrum ist die ehemalige\u00a0<strong>Galerie Treibhaus<\/strong>\u00a0neben der Groovestation in der Katharinenstra\u00dfe. Dort wird die Ausstellung\u00a0<strong>\u201eSweeping Passel\u201c<\/strong>\u00a0am 29.7.2016, 19 Uhr mit einer bunten Schar Dresdner Urban Artists er\u00f6ffnet. Die Ausstellung wird eine gro\u00dfe Bandbreite an Werken vereinen &#8211; von Stencil bis Mural von Wildstyle bis Character. Am Samstag dem 30.7.2016 findet in der Ausstellung ein\u00a0<strong>Urban Art Markt<\/strong>\u00a0statt, an dem beteiligte K\u00fcnstler und G\u00e4ste weitere Werke zum Verkauf anbieten werden. Speisen, Getr\u00e4nke, Livemusik, Livepainting und Mitmachaktionen machen den Tag zum Event. W\u00e4hrend der Ausstellungsdauer werden weitere Livepaintingaktionen stattfinden. Zur\u00a0<strong>Finissage am 7.8. 2016<\/strong>\u00a0wird es noch eine\u00a0<strong>Buchpr\u00e4sentation vom Hallenser Stefan Schwarzer<\/strong>\u00a0und die Filmvorf\u00fchrung des Films\u00a0<strong>\u201eStreet Art in Dresden\u201c<\/strong>\u00a0geben.<\/p>\n<p style=\"color: #333333;\">Eine\u00a0<strong>Ausstellung im Alten Wettb\u00fcro<\/strong>\u00a0zeigt Ergebnisse eines Nachwuchsworkshops mit Andy K und Stephan Ruderisch.<\/p>\n<p style=\"color: #333333;\">\u00dcber den gesamten Festivalzeitraum finden\u00a0<strong>F\u00fchrungen zu Murals in der Friedrichstadt<\/strong>\u00a0und\u00a0<strong>Street Art in der Neustadt<\/strong>\u00a0statt.<\/p>\n<p style=\"color: #333333;\"><strong>Workshops<\/strong>\u00a0werden im Spike u.a. zu \u201eSticker und Paste-ups\u201c, \u201cStyle ABC\u201c und \u201eChaos Art\u201c angeboten.<\/p>\n","protected":false},"excerpt":{"rendered":"<p>Vom 23. Juli bis 7. August 2016 gab es wieder Ausstellungen, F\u00fchrungen, Wandmalaktionen, Workshops, einen Kunstmarkt und Vortr\u00e4ge rund ums &hellip; <\/p>\n","protected":false},"author":2,"featured_media":0,"parent":1497,"menu_order":0,"comment_status":"open","ping_status":"open","template":"","meta":{"_acf_changed":false,"footnotes":""},"categories":[14],"class_list":["post-1516","page","type-page","status-publish","hentry","category-projekte"],"acf":[],"_links":{"self":[{"href":"https:\/\/www.anartchy.com\/urbanscript\/wp-json\/wp\/v2\/pages\/1516","targetHints":{"allow":["GET"]}}],"collection":[{"href":"https:\/\/www.anartchy.com\/urbanscript\/wp-json\/wp\/v2\/pages"}],"about":[{"href":"https:\/\/www.anartchy.com\/urbanscript\/wp-json\/wp\/v2\/types\/page"}],"author":[{"embeddable":true,"href":"https:\/\/www.anartchy.com\/urbanscript\/wp-json\/wp\/v2\/users\/2"}],"replies":[{"embeddable":true,"href":"https:\/\/www.anartchy.com\/urbanscript\/wp-json\/wp\/v2\/comments?post=1516"}],"version-history":[{"count":4,"href":"https:\/\/www.anartchy.com\/urbanscript\/wp-json\/wp\/v2\/pages\/1516\/revisions"}],"predecessor-version":[{"id":1531,"href":"https:\/\/www.anartchy.com\/urbanscript\/wp-json\/wp\/v2\/pages\/1516\/revisions\/1531"}],"up":[{"embeddable":true,"href":"https:\/\/www.anartchy.com\/urbanscript\/wp-json\/wp\/v2\/pages\/1497"}],"wp:attachment":[{"href":"https:\/\/www.anartchy.com\/urbanscript\/wp-json\/wp\/v2\/media?parent=1516"}],"wp:term":[{"taxonomy":"category","embeddable":true,"href":"https:\/\/www.anartchy.com\/urbanscript\/wp-json\/wp\/v2\/categories?post=1516"}],"curies":[{"name":"wp","href":"https:\/\/api.w.org\/{rel}","templated":true}]}}