{"id":1481,"date":"2017-01-27T12:13:51","date_gmt":"2017-01-27T12:13:51","guid":{"rendered":"http:\/\/www.anartchy.com\/urbanscript\/?page_id=1481"},"modified":"2017-01-27T12:13:51","modified_gmt":"2017-01-27T12:13:51","slug":"time-for-murals-katalog","status":"publish","type":"page","link":"https:\/\/www.anartchy.com\/urbanscript\/2014-2\/time-for-murals\/time-for-murals-katalog\/","title":{"rendered":"Time for Murals &#8211; Katalog"},"content":{"rendered":"<p><span style=\"color: #000000;\">Bisher fanden zahlreiche Mural\/Wandbildprojekte in vielen St\u00e4dten Europas statt. Ans\u00e4tze und Realisierungsmethoden \u00e4hnelten sich, doch kam es zu keiner umfangreichen Vernetzung und keinem gemeinsamen R\u00fcckblick der Projekte auf Erreichtes und Vers\u00e4umtes. Deshalb trafen sich in Dresden Vertreter und Vertreterinnen internationaler Mural-Projekte. Das Buch Time for Murals vereint Fotos und Vorstellungen von neuen, vor Ort realisierten und herausragenden, internationalen Wandbildern und Texte zum historischen und zeitgen\u00f6ssischen Wandbild. Ebenso werden exklusiv Abbildungen von Jens Besser&#8217;s \u201e\u00dcberzeichnungstour 2014\u201c gezeigt.<\/span><\/p>\n<p>online erh\u00e4ltlich im\u00a0<a title=\"Shop Stickermag - Time for Murals\" href=\"http:\/\/www.stickermag.com\/time-for-murals.html\" target=\"_blank\">stickermag.de\u00a0<\/a>-shop<\/p>\n<p><span style=\"color: #000000;\">Herausgeber: Jens Besser \/ Denise Ackermann\u00a0<\/span><br style=\"color: #000000;\" \/><span style=\"color: #000000;\">Publisher: International Neighborhood Verlag<\/span><br style=\"color: #000000;\" \/><span style=\"color: #000000;\">Ver\u00f6ffentlichung: 2015<\/span><br style=\"color: #000000;\" \/><span style=\"color: #000000;\">Umfang: 96 Seiten<\/span><br style=\"color: #000000;\" \/><span style=\"color: #000000;\">Format: ca. 24 x 17 cm<\/span><\/p>\n<p>Sprache: Englisch\/Deutsch<\/p>\n<p>ISBN 978 3 944960 04 3<\/p>\n","protected":false},"excerpt":{"rendered":"<p>Bisher fanden zahlreiche Wandbildprojekte in vielen St\u00e4dten Europas statt. Deshalb trafen sich in Dresden Vertreter internationaler Mural-Projekte. Das Buch Time &hellip; <\/p>\n","protected":false},"author":2,"featured_media":0,"parent":1347,"menu_order":0,"comment_status":"open","ping_status":"open","template":"","meta":{"_acf_changed":false,"footnotes":""},"categories":[10],"class_list":["post-1481","page","type-page","status-publish","hentry","category-publikationen"],"acf":[],"_links":{"self":[{"href":"https:\/\/www.anartchy.com\/urbanscript\/wp-json\/wp\/v2\/pages\/1481","targetHints":{"allow":["GET"]}}],"collection":[{"href":"https:\/\/www.anartchy.com\/urbanscript\/wp-json\/wp\/v2\/pages"}],"about":[{"href":"https:\/\/www.anartchy.com\/urbanscript\/wp-json\/wp\/v2\/types\/page"}],"author":[{"embeddable":true,"href":"https:\/\/www.anartchy.com\/urbanscript\/wp-json\/wp\/v2\/users\/2"}],"replies":[{"embeddable":true,"href":"https:\/\/www.anartchy.com\/urbanscript\/wp-json\/wp\/v2\/comments?post=1481"}],"version-history":[{"count":4,"href":"https:\/\/www.anartchy.com\/urbanscript\/wp-json\/wp\/v2\/pages\/1481\/revisions"}],"predecessor-version":[{"id":1486,"href":"https:\/\/www.anartchy.com\/urbanscript\/wp-json\/wp\/v2\/pages\/1481\/revisions\/1486"}],"up":[{"embeddable":true,"href":"https:\/\/www.anartchy.com\/urbanscript\/wp-json\/wp\/v2\/pages\/1347"}],"wp:attachment":[{"href":"https:\/\/www.anartchy.com\/urbanscript\/wp-json\/wp\/v2\/media?parent=1481"}],"wp:term":[{"taxonomy":"category","embeddable":true,"href":"https:\/\/www.anartchy.com\/urbanscript\/wp-json\/wp\/v2\/categories?post=1481"}],"curies":[{"name":"wp","href":"https:\/\/api.w.org\/{rel}","templated":true}]}}

<p><span style="color: #000000;">Bisher fanden zahlreiche Mural/Wandbildprojekte in vielen Städten Europas statt. Ansätze und Realisierungsmethoden ähnelten sich, doch kam es zu keiner umfangreichen Vernetzung und keinem gemeinsamen Rückblick der Projekte auf Erreichtes und Versäumtes. Deshalb trafen sich in Dresden Vertreter und Vertreterinnen internationaler Mural-Projekte. Das Buch Time for Murals vereint Fotos und Vorstellungen von neuen, vor Ort realisierten und herausragenden, internationalen Wandbildern und Texte zum historischen und zeitgenössischen Wandbild. Ebenso werden exklusiv Abbildungen von Jens Besser&#8217;s „Überzeichnungstour 2014“ gezeigt.</span></p>
<p>online erhältlich im <a title="Shop Stickermag - Time for Murals" href="http://www.stickermag.com/time-for-murals.html" target="_blank">stickermag.de </a>-shop</p>
<p><span style="color: #000000;">Herausgeber: Jens Besser / Denise Ackermann </span><br style="color: #000000;" /><span style="color: #000000;">Publisher: International Neighborhood Verlag</span><br style="color: #000000;" /><span style="color: #000000;">Veröffentlichung: 2015</span><br style="color: #000000;" /><span style="color: #000000;">Umfang: 96 Seiten</span><br style="color: #000000;" /><span style="color: #000000;">Format: ca. 24 x 17 cm</span></p>
<p>Sprache: Englisch/Deutsch</p>
<p>ISBN 978 3 944960 04 3</p>

<p>Bisher fanden zahlreiche Wandbildprojekte in vielen Städten Europas statt. Deshalb trafen sich in Dresden Vertreter internationaler Mural-Projekte. Das Buch Time &hellip; </p>
