{"id":1252,"date":"2014-02-05T18:55:25","date_gmt":"2014-02-05T18:55:25","guid":{"rendered":"http:\/\/www.anartchy.com\/urbanscript\/?page_id=1252"},"modified":"2014-02-05T18:55:25","modified_gmt":"2014-02-05T18:55:25","slug":"pixelpopulation","status":"publish","type":"page","link":"https:\/\/www.anartchy.com\/urbanscript\/2008-2\/urban-script-continous\/pixelpopulation\/","title":{"rendered":"Pixelpopulation"},"content":{"rendered":"<p>\u00fcber Pixelpopulation <\/p>\n<p>Die \u00abPixelpopulation\u00bb ist eine Plakatserie im \u00f6ffentlichen Raum europ\u00e4ischer Gro\u00dfst\u00e4dte. Digital entworfene Charaktere im Pixelstil bev\u00f6lkern den urbanen Raum und schaffen so eine digitale Parallelwelt auf H\u00e4user-w\u00e4nden, M\u00fclleimern, Ampelanlagen oder Gro\u00dfwerbefl\u00e4chen. Die Idee entstand aus der intensiven Auseinandersetzung mit Pixelgrafik und der Erfahrungen der Arbeit im \u00f6ffentlichen Raum.<br \/>\nDie Charaktere werden in Form von Plakaten,Aufklebern und Schablonen , an verschiedensten Orten von Freunden der Pixelpopulation verteilt.<br \/>\nDies ist daher m\u00f6glich , da alle Figuren der Pixelpopulation als Druckvorlagen von der Website heruntergeladen werden k\u00f6nnen.<br \/>\nBis zum 8.08.2008 war die Pixelpopulation in folgenden L\u00e4ndern zu finden :<br \/>\nDeutschland, Schweiz, Slovenien, Spanien, Italien, \u00d6sterreich, Bulgarien, Ungarn, Portugal, Serbien,Finnland und Kolumbien .<\/p>\n<p>link: <a href=\"http:\/\/www.pixelpopulation.org\" target=\"_blank\">www.pixelpopulation.org<\/a><\/p>\n<p>Bilder der Ausstellung (innen)<\/p>\n<p><img decoding=\"async\" src=\"https:\/\/www.anartchy.com\/urbanscript\/wp-content\/uploads\/bild_15475.jpg\" alt=\"\" width=\"675\" \/><\/p>\n<p><img decoding=\"async\" src=\"https:\/\/www.anartchy.com\/urbanscript\/wp-content\/uploads\/bild_15460.jpg\" alt=\"\" width=\"675\" \/><\/p>\n<p>Wandbild im Aussenbereich auf Public Canvas<br \/>\n<img decoding=\"async\" src=\"https:\/\/www.anartchy.com\/urbanscript\/wp-content\/uploads\/bild_15440.jpg\" alt=\"\" width=\"675\" \/><\/p>\n<p><img decoding=\"async\" src=\"https:\/\/www.anartchy.com\/urbanscript\/wp-content\/uploads\/bild_15448.jpg\" alt=\"\" width=\"675\" \/><\/p>\n","protected":false},"excerpt":{"rendered":"<p>Die \u00abPixelpopulation\u00bb ist eine Plakatserie im \u00f6ffentlichen Raum europ\u00e4ischer Gro\u00dfst\u00e4dte. Digital entworfene Charaktere im Pixelstil bev\u00f6lkern den urbanen Raum und &hellip; <\/p>\n","protected":false},"author":2,"featured_media":0,"parent":951,"menu_order":0,"comment_status":"open","ping_status":"open","template":"","meta":{"_acf_changed":false,"footnotes":""},"categories":[1],"class_list":["post-1252","page","type-page","status-publish","hentry","category-ausstellungen"],"acf":[],"_links":{"self":[{"href":"https:\/\/www.anartchy.com\/urbanscript\/wp-json\/wp\/v2\/pages\/1252","targetHints":{"allow":["GET"]}}],"collection":[{"href":"https:\/\/www.anartchy.com\/urbanscript\/wp-json\/wp\/v2\/pages"}],"about":[{"href":"https:\/\/www.anartchy.com\/urbanscript\/wp-json\/wp\/v2\/types\/page"}],"author":[{"embeddable":true,"href":"https:\/\/www.anartchy.com\/urbanscript\/wp-json\/wp\/v2\/users\/2"}],"replies":[{"embeddable":true,"href":"https:\/\/www.anartchy.com\/urbanscript\/wp-json\/wp\/v2\/comments?post=1252"}],"version-history":[{"count":3,"href":"https:\/\/www.anartchy.com\/urbanscript\/wp-json\/wp\/v2\/pages\/1252\/revisions"}],"predecessor-version":[{"id":1261,"href":"https:\/\/www.anartchy.com\/urbanscript\/wp-json\/wp\/v2\/pages\/1252\/revisions\/1261"}],"up":[{"embeddable":true,"href":"https:\/\/www.anartchy.com\/urbanscript\/wp-json\/wp\/v2\/pages\/951"}],"wp:attachment":[{"href":"https:\/\/www.anartchy.com\/urbanscript\/wp-json\/wp\/v2\/media?parent=1252"}],"wp:term":[{"taxonomy":"category","embeddable":true,"href":"https:\/\/www.anartchy.com\/urbanscript\/wp-json\/wp\/v2\/categories?post=1252"}],"curies":[{"name":"wp","href":"https:\/\/api.w.org\/{rel}","templated":true}]}}