{"id":1232,"date":"2014-02-05T18:46:10","date_gmt":"2014-02-05T18:46:10","guid":{"rendered":"http:\/\/www.anartchy.com\/urbanscript\/?page_id=1232"},"modified":"2014-02-05T18:46:10","modified_gmt":"2014-02-05T18:46:10","slug":"give-away-the-give-aways","status":"publish","type":"page","link":"https:\/\/www.anartchy.com\/urbanscript\/2008-2\/urban-script-continous\/give-away-the-give-aways\/","title":{"rendered":"Give away the Give Aways"},"content":{"rendered":"<p>Der dresdner Strassenmaler Kain Logos zeigt Plakate bevor er sie der \u00d6ffentlichkeit \u00fcberl\u00e4sst. Mal figurativ, mal abstrakt ,aber immer Unikat. Neben Eigencreationen auf Papier und Blech, werden diesmal auch \u00fcberarbeitet give aways von Felix-Gonzales Torre zu finden sein.<br \/>\nDie Arbeiten werden w\u00e4hrend und nach der Ausstellung im \u00f6ffentlichen Raum verteilt ,aber nicht immer in Dresden.<br \/>\nDer Weg zur Vernissage lohnt sich also &#8211; bevor die Plakate in ganz Europa &#8222;weggegeben&#8220; werden.<\/p>\n<p>Die Ausstellung geht bis 26.09.2008 und ist jeden Freitag w\u00e4hrend der Sample-Serie ( 20-24 uhr) ge\u00f6ffnet.<\/p>\n<p><img decoding=\"async\" alt=\"\" src=\"https:\/\/www.anartchy.com\/urbanscript\/wp-content\/uploads\/bild_15723.jpg\" width=\"675\" \/><\/p>\n<p><img decoding=\"async\" alt=\"\" src=\"https:\/\/www.anartchy.com\/urbanscript\/wp-content\/uploads\/bild_15725.jpg\" width=\"675\" \/><br \/>\nAusstellungser\u00f6ffnung<\/p>\n<p><img decoding=\"async\" alt=\"\" src=\"https:\/\/www.anartchy.com\/urbanscript\/wp-content\/uploads\/bild_15707.jpg\" width=\"675\" \/><\/p>\n<p><img decoding=\"async\" alt=\"\" src=\"https:\/\/www.anartchy.com\/urbanscript\/wp-content\/uploads\/bild_15698.jpg\" width=\"675\" \/><\/p>\n<p><img decoding=\"async\" alt=\"\" src=\"https:\/\/www.anartchy.com\/urbanscript\/wp-content\/uploads\/bild_15695.jpg\" width=\"675\" \/><br \/>\nBlick in die Ausstellung<\/p>\n<p><img decoding=\"async\" alt=\"\" src=\"https:\/\/www.anartchy.com\/urbanscript\/wp-content\/uploads\/bild_16114.jpg\" width=\"675\" \/><\/p>\n<p><img decoding=\"async\" alt=\"\" src=\"https:\/\/www.anartchy.com\/urbanscript\/wp-content\/uploads\/ohne_bild.jpg\" width=\"675\" \/><br \/>\nPlakate die im \u00f6ffentlichen Raum platziert wurden<\/p>\n<p><img decoding=\"async\" alt=\"\" src=\"https:\/\/www.anartchy.com\/urbanscript\/wp-content\/uploads\/bild_16096.jpg\" width=\"675\" \/><\/p>\n<p><a href=\"https:\/\/www.anartchy.com\/urbanscript\/wp-content\/uploads\/bild_16089_collage.jpg\" target=\"_blank\"><img decoding=\"async\" alt=\"\" src=\"https:\/\/www.anartchy.com\/urbanscript\/wp-content\/uploads\/bild_16089_collage.jpg\" width=\"675\" \/><\/a><br \/>\nBlick in die Ausstellung am Ende des Ausstellungszeitraums<\/p>\n","protected":false},"excerpt":{"rendered":"<p>Der dresdner Strassenmaler Kain Logos zeigt Plakate bevor er sie der \u00d6ffentlichkeit \u00fcberl\u00e4sst. Mal figurativ, mal abstrakt ,aber immer Unikat.<\/p>\n","protected":false},"author":2,"featured_media":0,"parent":951,"menu_order":0,"comment_status":"open","ping_status":"open","template":"","meta":{"_acf_changed":false,"footnotes":""},"categories":[1],"class_list":["post-1232","page","type-page","status-publish","hentry","category-ausstellungen"],"acf":[],"_links":{"self":[{"href":"https:\/\/www.anartchy.com\/urbanscript\/wp-json\/wp\/v2\/pages\/1232","targetHints":{"allow":["GET"]}}],"collection":[{"href":"https:\/\/www.anartchy.com\/urbanscript\/wp-json\/wp\/v2\/pages"}],"about":[{"href":"https:\/\/www.anartchy.com\/urbanscript\/wp-json\/wp\/v2\/types\/page"}],"author":[{"embeddable":true,"href":"https:\/\/www.anartchy.com\/urbanscript\/wp-json\/wp\/v2\/users\/2"}],"replies":[{"embeddable":true,"href":"https:\/\/www.anartchy.com\/urbanscript\/wp-json\/wp\/v2\/comments?post=1232"}],"version-history":[{"count":5,"href":"https:\/\/www.anartchy.com\/urbanscript\/wp-json\/wp\/v2\/pages\/1232\/revisions"}],"predecessor-version":[{"id":1251,"href":"https:\/\/www.anartchy.com\/urbanscript\/wp-json\/wp\/v2\/pages\/1232\/revisions\/1251"}],"up":[{"embeddable":true,"href":"https:\/\/www.anartchy.com\/urbanscript\/wp-json\/wp\/v2\/pages\/951"}],"wp:attachment":[{"href":"https:\/\/www.anartchy.com\/urbanscript\/wp-json\/wp\/v2\/media?parent=1232"}],"wp:term":[{"taxonomy":"category","embeddable":true,"href":"https:\/\/www.anartchy.com\/urbanscript\/wp-json\/wp\/v2\/categories?post=1232"}],"curies":[{"name":"wp","href":"https:\/\/api.w.org\/{rel}","templated":true}]}}