{"id":1080,"date":"2014-01-29T14:33:36","date_gmt":"2014-01-29T14:33:36","guid":{"rendered":"http:\/\/www.anartchy.com\/urbanscript\/?page_id=1080"},"modified":"2014-01-29T14:33:36","modified_gmt":"2014-01-29T14:33:36","slug":"brachenrundfahrt","status":"publish","type":"page","link":"https:\/\/www.anartchy.com\/urbanscript\/2009-2\/muralismo-morte\/brachenrundfahrt\/","title":{"rendered":"Brachenrundfahrt"},"content":{"rendered":"<p>Nachdem die Neustadt todsaniert wurde, daher weniger berarbeitbare Altbausubstanz dort vorhanden ist, haben sich StreetArtists immer wieder in der dresdener Friedrichstadt ausgetobt. Das Stadtviertel hat trotz Zentrumsn\u00e4he einen h\u00f6heren Anteil an Brachen als andere Viertel. Brachen auf denen ungest\u00f6rt Wandmalerei zelebriert werden kann oder Ausstellungsprojekte realsiert werden k\u00f6nnen.<br \/>\nBereits 2005 wurde in der F-stadt die erste \u201epixelpunksession\u201c in einem Abrisshaus statt. Darauf folgten ein Streetart Award und weitere Ausstellungen. 2009 wurde das internationale Ausstellungsprojekt &#8222;muralismo morte&#8220; druchgef\u00fchrt mit &#8211; Herzst\u00fcck des Projekts war die Ausstellung in der friedrichst\u00e4dter Motorenhalle.<br \/>\nDie Radrundfahrt zeigt die Vielfalt genehmigter und ungenehmigter Urbankunst im Stadtteil.<\/p>\n<p>Bitte eigenes Fahrrad mitbringen,limitiert auf 15 Teilnehmer je Rundfahrt, Anmeldung per mailerw\u00fcnscht<\/p>\n<p>Beitrag: 4 \u20ac\/ erm\u00e4\u00dfigt 2\u20ac<\/p>\n<p>Freitag &#8211; 20.03.2009 start 15 Uhr<br \/>\nSonntag &#8211; 22.03.2009 start 15 Uhr<br \/>\nOstermontag &#8211; 13.04.2009 start 15 Uhr<br \/>\nSamstag 18.04.2009 start 15 Uhr<\/p>\n","protected":false},"excerpt":{"rendered":"<p>Bereits 2005 wurde in der F-stadt die erste \u201epixelpunksession\u201c in einem Abrisshaus statt. Darauf folgten ein Streetart Award und weitere &hellip; <\/p>\n","protected":false},"author":2,"featured_media":0,"parent":1051,"menu_order":0,"comment_status":"open","ping_status":"open","template":"","meta":{"_acf_changed":false,"footnotes":""},"categories":[4],"class_list":["post-1080","page","type-page","status-publish","hentry","category-fuehrungen"],"acf":[],"_links":{"self":[{"href":"https:\/\/www.anartchy.com\/urbanscript\/wp-json\/wp\/v2\/pages\/1080","targetHints":{"allow":["GET"]}}],"collection":[{"href":"https:\/\/www.anartchy.com\/urbanscript\/wp-json\/wp\/v2\/pages"}],"about":[{"href":"https:\/\/www.anartchy.com\/urbanscript\/wp-json\/wp\/v2\/types\/page"}],"author":[{"embeddable":true,"href":"https:\/\/www.anartchy.com\/urbanscript\/wp-json\/wp\/v2\/users\/2"}],"replies":[{"embeddable":true,"href":"https:\/\/www.anartchy.com\/urbanscript\/wp-json\/wp\/v2\/comments?post=1080"}],"version-history":[{"count":2,"href":"https:\/\/www.anartchy.com\/urbanscript\/wp-json\/wp\/v2\/pages\/1080\/revisions"}],"predecessor-version":[{"id":1084,"href":"https:\/\/www.anartchy.com\/urbanscript\/wp-json\/wp\/v2\/pages\/1080\/revisions\/1084"}],"up":[{"embeddable":true,"href":"https:\/\/www.anartchy.com\/urbanscript\/wp-json\/wp\/v2\/pages\/1051"}],"wp:attachment":[{"href":"https:\/\/www.anartchy.com\/urbanscript\/wp-json\/wp\/v2\/media?parent=1080"}],"wp:term":[{"taxonomy":"category","embeddable":true,"href":"https:\/\/www.anartchy.com\/urbanscript\/wp-json\/wp\/v2\/categories?post=1080"}],"curies":[{"name":"wp","href":"https:\/\/api.w.org\/{rel}","templated":true}]}}